CRAN Package Check Results for Package psd

Last updated on 2021-09-21 02:49:16 CEST.

Flavor Version Tinstall Tcheck Ttotal Status Flags
r-devel-linux-x86_64-debian-clang 2.1.0 44.57 92.84 137.41 OK
r-devel-linux-x86_64-debian-gcc 2.1.0 31.42 71.97 103.39 OK
r-devel-linux-x86_64-fedora-clang 2.1.0 188.75 OK
r-devel-linux-x86_64-fedora-gcc 2.1.0 169.00 OK
r-devel-windows-x86_64 2.1.0 40.00 199.00 239.00 OK
r-devel-windows-x86_64-gcc10-UCRT 2.1.0 ERROR
r-patched-linux-x86_64 2.1.0 39.55 91.85 131.40 OK
r-patched-solaris-x86 2.1.0 202.10 OK
r-release-linux-x86_64 2.1.0 39.81 92.05 131.86 OK
r-release-macos-arm64 2.1.0 NOTE
r-release-macos-x86_64 2.1.0 NOTE
r-release-windows-ix86+x86_64 2.1.0 107.00 216.00 323.00 OK
r-oldrel-macos-x86_64 2.1.0 NOTE
r-oldrel-windows-ix86+x86_64 2.1.0 106.00 211.00 317.00 OK

Check Details

Version: 2.1.0
Check: whether package can be installed
Result: ERROR
    Installation failed.
Flavor: r-devel-windows-x86_64-gcc10-UCRT

Version: 2.1.0
Check: installed package size
Result: NOTE
     installed size is 5.9Mb
     sub-directories of 1Mb or more:
     doc 1.8Mb
     libs 3.4Mb
Flavors: r-release-macos-arm64, r-release-macos-x86_64, r-oldrel-macos-x86_64