CRAN Package Check Results for Package psica

Last updated on 2021-06-23 02:51:03 CEST.

Flavor Version Tinstall Tcheck Ttotal Status Flags
r-devel-linux-x86_64-debian-clang 1.0.2 9.30 84.56 93.86 NOTE
r-devel-linux-x86_64-debian-gcc 1.0.2 7.81 63.75 71.56 NOTE
r-devel-linux-x86_64-fedora-clang 1.0.2 120.96 NOTE
r-devel-linux-x86_64-fedora-gcc 1.0.2 110.24 NOTE
r-devel-windows-x86_64 1.0.2 14.00 88.00 102.00 NOTE
r-devel-windows-x86_64-gcc10-UCRT 1.0.2 NOTE
r-patched-linux-x86_64 1.0.2 9.27 80.10 89.37 NOTE
r-patched-solaris-x86 1.0.2 166.30 NOTE
r-release-linux-x86_64 1.0.2 9.13 80.89 90.02 NOTE
r-release-macos-arm64 1.0.2 NOTE
r-release-macos-x86_64 1.0.2 NOTE
r-release-windows-ix86+x86_64 1.0.2 14.00 100.00 114.00 NOTE
r-oldrel-macos-x86_64 1.0.2 OK

Check Details

Version: 1.0.2
Check: LazyData
Result: NOTE
     'LazyData' is specified without a 'data' directory
Flavors: r-devel-linux-x86_64-debian-clang, r-devel-linux-x86_64-debian-gcc, r-devel-linux-x86_64-fedora-clang, r-devel-linux-x86_64-fedora-gcc, r-devel-windows-x86_64, r-devel-windows-x86_64-gcc10-UCRT, r-patched-linux-x86_64, r-patched-solaris-x86, r-release-linux-x86_64, r-release-macos-arm64, r-release-macos-x86_64, r-release-windows-ix86+x86_64