CRAN Package Check Results for Package psrwe

Last updated on 2021-10-23 01:49:10 CEST.

Flavor Version Tinstall Tcheck Ttotal Status Flags
r-devel-linux-x86_64-debian-clang 1.3 314.06 143.88 457.94 NOTE
r-devel-linux-x86_64-debian-gcc 1.3 292.43 120.96 413.39 NOTE
r-devel-linux-x86_64-fedora-clang 1.3 677.33 NOTE
r-devel-linux-x86_64-fedora-gcc 1.3 716.07 NOTE
r-devel-windows-x86_64 1.3 409.00 147.00 556.00 NOTE
r-devel-windows-x86_64-gcc10-UCRT 1.3 NOTE
r-patched-linux-x86_64 1.3 311.18 116.57 427.75 NOTE
r-patched-solaris-x86 1.3 689.10 NOTE
r-release-linux-x86_64 1.3 291.65 117.40 409.05 NOTE
r-release-macos-arm64 1.3 NOTE
r-release-macos-x86_64 1.3 NOTE
r-release-windows-ix86+x86_64 1.3 564.00 225.00 789.00 NOTE
r-oldrel-macos-x86_64 1.3 NOTE
r-oldrel-windows-ix86+x86_64 1.3 792.00 225.00 1017.00 NOTE

Check Details

Version: 1.3
Check: for GNU extensions in Makefiles
Result: NOTE
    GNU make is a SystemRequirements.
Flavors: r-devel-linux-x86_64-debian-clang, r-devel-linux-x86_64-debian-gcc, r-devel-linux-x86_64-fedora-clang, r-devel-linux-x86_64-fedora-gcc, r-devel-windows-x86_64, r-devel-windows-x86_64-gcc10-UCRT, r-patched-linux-x86_64, r-patched-solaris-x86, r-release-linux-x86_64, r-release-macos-arm64, r-release-macos-x86_64, r-release-windows-ix86+x86_64, r-oldrel-macos-x86_64, r-oldrel-windows-ix86+x86_64

Version: 1.3
Check: installed package size
Result: NOTE
     installed size is 43.6Mb
     sub-directories of 1Mb or more:
     libs 42.9Mb
Flavors: r-devel-linux-x86_64-fedora-clang, r-release-macos-arm64, r-release-macos-x86_64, r-release-windows-ix86+x86_64, r-oldrel-macos-x86_64, r-oldrel-windows-ix86+x86_64

Version: 1.3
Check: line endings in C/C++/Fortran sources/headers
Result: NOTE
    Found the following sources/headers with CR or CRLF line endings:
     src/stan_files/powerp.hpp
     src/stan_files/powerps.hpp
     src/stan_files/powerpsbinary.hpp
    Some Unix compilers require LF line endings.
Flavor: r-devel-windows-x86_64-gcc10-UCRT