CRAN Package Check Results for Package pxweb

Last updated on 2021-09-22 02:49:38 CEST.

Flavor Version Tinstall Tcheck Ttotal Status Flags
r-devel-linux-x86_64-debian-clang 0.11.0 5.04 44.69 49.73 OK
r-devel-linux-x86_64-debian-gcc 0.11.0 4.64 32.86 37.50 OK
r-devel-linux-x86_64-fedora-clang 0.11.0 67.56 OK
r-devel-linux-x86_64-fedora-gcc 0.11.0 57.45 OK
r-devel-windows-x86_64 0.11.0 7.00 51.00 58.00 OK
r-devel-windows-x86_64-gcc10-UCRT 0.11.0 ERROR
r-patched-linux-x86_64 0.11.0 6.83 42.33 49.16 OK
r-patched-solaris-x86 0.11.0 77.00 OK
r-release-linux-x86_64 0.11.0 5.82 41.83 47.65 OK
r-release-macos-arm64 0.11.0 OK
r-release-macos-x86_64 0.11.0 OK
r-release-windows-ix86+x86_64 0.11.0 11.00 49.00 60.00 OK
r-oldrel-macos-x86_64 0.11.0 OK
r-oldrel-windows-ix86+x86_64 0.11.0 11.00 46.00 57.00 OK

Check Details

Version: 0.11.0
Check: whether package can be installed
Result: WARN
    Found the following significant warnings:
     WARNING: installation-time patches will not be applied, could not get the patches index
Flavor: r-devel-windows-x86_64-gcc10-UCRT

Version: 0.11.0
Check: PDF version of manual
Result: WARN
    LaTeX errors when creating PDF version.
    This typically indicates Rd problems.
Flavor: r-devel-windows-x86_64-gcc10-UCRT

Version: 0.11.0
Check: PDF version of manual without hyperrefs or index
Result: ERROR
    Re-running with no redirection of stdout/stderr.
Flavor: r-devel-windows-x86_64-gcc10-UCRT