CRAN Package Check Results for Package qgcomp

Last updated on 2021-08-02 02:50:02 CEST.

Flavor Version Tinstall Tcheck Ttotal Status Flags
r-devel-linux-x86_64-debian-clang 2.8.0 15.84 265.31 281.15 OK
r-devel-linux-x86_64-debian-gcc 2.8.0 11.94 195.53 207.47 OK
r-devel-linux-x86_64-fedora-clang 2.8.0 340.22 OK
r-devel-linux-x86_64-fedora-gcc 2.8.0 328.56 OK
r-devel-windows-x86_64 2.8.0 32.00 309.00 341.00 OK
r-devel-windows-x86_64-gcc10-UCRT 2.8.0 OK
r-patched-linux-x86_64 2.8.0 OK
r-patched-solaris-x86 2.8.0 456.80 OK
r-release-linux-x86_64 2.8.0 15.40 248.55 263.95 OK
r-release-macos-arm64 2.8.0 WARN
r-release-macos-x86_64 2.8.0 OK
r-release-windows-ix86+x86_64 2.8.0 36.00 317.00 353.00 OK
r-oldrel-macos-x86_64 2.8.0 OK
r-oldrel-windows-ix86+x86_64 2.8.0 25.00 309.00 334.00 OK

Check Details

Version: 2.8.0
Check: re-building of vignette outputs
Result: WARN
    Error(s) in re-building vignettes:
     ...
    --- re-building ‘qgcomp-vignette.Rmd’ using knitr
    Quitting from lines 234-242 (qgcomp-vignette.Rmd)
    Error: processing vignette 'qgcomp-vignette.Rmd' failed with diagnostics:
    polygon edge not found
    --- failed re-building ‘qgcomp-vignette.Rmd’
    
    SUMMARY: processing the following file failed:
     ‘qgcomp-vignette.Rmd’
    
    Error: Vignette re-building failed.
    Execution halted
Flavor: r-release-macos-arm64