CRAN Package Check Results for Package quickerstats

Last updated on 2022-05-23 02:53:45 CEST.

Flavor Version Tinstall Tcheck Ttotal Status Flags
r-devel-linux-x86_64-debian-clang 0.0.1 1.66 37.26 38.92 NOTE
r-devel-linux-x86_64-debian-gcc 0.0.1 1.94 28.51 30.45 NOTE
r-devel-linux-x86_64-fedora-clang 0.0.1 46.65 NOTE
r-devel-linux-x86_64-fedora-gcc 0.0.1 36.00 NOTE
r-devel-windows-x86_64 0.0.1 16.00 61.00 77.00 NOTE
r-patched-linux-x86_64 0.0.1 2.56 35.25 37.81 NOTE
r-release-linux-x86_64 0.0.1 2.14 35.35 37.49 NOTE
r-release-macos-arm64 0.0.1 26.00 NOTE
r-release-macos-x86_64 0.0.1 37.00 NOTE
r-release-windows-x86_64 0.0.1 21.00 62.00 83.00 NOTE
r-oldrel-macos-arm64 0.0.1 664.00 NOTE
r-oldrel-macos-x86_64 0.0.1 37.00 NOTE
r-oldrel-windows-ix86+x86_64 0.0.1 7.00 54.00 61.00 NOTE

Check Details

Version: 0.0.1
Check: LazyData
Result: NOTE
     'LazyData' is specified without a 'data' directory
Flavors: r-devel-linux-x86_64-debian-clang, r-devel-linux-x86_64-debian-gcc, r-devel-linux-x86_64-fedora-clang, r-devel-linux-x86_64-fedora-gcc, r-devel-windows-x86_64, r-patched-linux-x86_64, r-release-linux-x86_64, r-release-macos-arm64, r-release-macos-x86_64, r-release-windows-x86_64, r-oldrel-macos-arm64, r-oldrel-macos-x86_64, r-oldrel-windows-ix86+x86_64

Version: 0.0.1
Check: dependencies in R code
Result: NOTE
    Namespace in Imports field not imported from: ‘readr’
     All declared Imports should be used.
Flavors: r-devel-linux-x86_64-fedora-clang, r-devel-linux-x86_64-fedora-gcc, r-release-macos-arm64, r-release-macos-x86_64, r-oldrel-macos-arm64, r-oldrel-macos-x86_64