CRAN Package Check Results for Package rKOMICS

Last updated on 2022-08-08 03:55:53 CEST.

Flavor Version Tinstall Tcheck Ttotal Status Flags
r-devel-linux-x86_64-debian-clang 1.1 21.98 244.75 266.73 OK
r-devel-linux-x86_64-debian-gcc 1.1 16.55 175.69 192.24 OK
r-devel-linux-x86_64-fedora-clang 1.1 309.59 NOTE
r-devel-linux-x86_64-fedora-gcc 1.1 308.72 OK
r-devel-windows-x86_64 1.1 98.00 297.00 395.00 NOTE
r-patched-linux-x86_64 1.1 17.09 226.86 243.95 OK
r-release-linux-x86_64 1.1 OK
r-release-macos-arm64 1.1 99.00 NOTE
r-release-macos-x86_64 1.1 174.00 NOTE
r-release-windows-x86_64 1.1 85.00 282.00 367.00 NOTE
r-oldrel-macos-arm64 1.1 62.00 NOTE
r-oldrel-macos-x86_64 1.1 123.00 NOTE
r-oldrel-windows-ix86+x86_64 1.1 69.00 268.00 337.00 NOTE

Check Details

Version: 1.1
Check: installed package size
Result: NOTE
     installed size is 24.8Mb
     sub-directories of 1Mb or more:
     extdata 24.0Mb
Flavors: r-devel-linux-x86_64-fedora-clang, r-devel-windows-x86_64, r-release-macos-arm64, r-release-macos-x86_64, r-release-windows-x86_64, r-oldrel-macos-arm64, r-oldrel-macos-x86_64, r-oldrel-windows-ix86+x86_64