CRAN Package Check Results for Package radsafer

Last updated on 2021-10-27 02:52:46 CEST.

Flavor Version Tinstall Tcheck Ttotal Status Flags
r-devel-linux-x86_64-debian-clang 2.2.5 3.72 46.52 50.24 OK
r-devel-linux-x86_64-debian-gcc 2.2.5 3.34 35.65 38.99 OK
r-devel-linux-x86_64-fedora-clang 2.2.5 70.56 NOTE
r-devel-linux-x86_64-fedora-gcc 2.2.5 61.01 NOTE
r-devel-windows-x86_64 2.2.5 8.00 73.00 81.00 OK
r-devel-windows-x86_64-gcc10-UCRT 2.2.5 NOTE
r-patched-linux-x86_64 2.2.5 3.61 43.75 47.36 OK
r-patched-solaris-x86 2.2.5 86.90 NOTE
r-release-linux-x86_64 2.2.5 3.98 44.09 48.07 OK
r-release-macos-arm64 2.2.5 NOTE
r-release-macos-x86_64 2.2.5 NOTE
r-release-windows-ix86+x86_64 2.2.5 6.00 70.00 76.00 OK
r-oldrel-macos-x86_64 2.2.5 NOTE
r-oldrel-windows-ix86+x86_64 2.2.5 10.00 72.00 82.00 OK

Check Details

Version: 2.2.5
Check: dependencies in R code
Result: NOTE
    Namespaces in Imports field not imported from:
     ‘qpdf’ ‘utf8’
     All declared Imports should be used.
Flavors: r-devel-linux-x86_64-fedora-clang, r-devel-linux-x86_64-fedora-gcc, r-devel-windows-x86_64-gcc10-UCRT, r-patched-solaris-x86, r-release-macos-arm64, r-release-macos-x86_64, r-oldrel-macos-x86_64