Last updated on 2023-05-28 02:55:59 CEST.
Flavor | Version | Tinstall | Tcheck | Ttotal | Status | Flags |
---|---|---|---|---|---|---|
r-devel-linux-x86_64-debian-clang | 0.3.1.1 | 29.56 | 202.83 | 232.39 | OK | |
r-devel-linux-x86_64-debian-gcc | 0.3.1.1 | 28.79 | 146.90 | 175.69 | OK | |
r-devel-linux-x86_64-fedora-clang | 0.3.1.1 | 295.82 | OK | |||
r-devel-linux-x86_64-fedora-gcc | 0.3.1.1 | 290.13 | OK | |||
r-devel-windows-x86_64 | 0.3.1.1 | 32.00 | 171.00 | 203.00 | OK | |
r-patched-linux-x86_64 | 0.3.1.1 | 20.34 | 186.91 | 207.25 | OK | |
r-release-linux-x86_64 | 0.3.1.1 | 21.33 | 184.67 | 206.00 | OK | |
r-release-macos-arm64 | 0.3.1.1 | 93.00 | OK | |||
r-release-macos-x86_64 | 0.3.1.1 | 152.00 | NOTE | |||
r-release-windows-x86_64 | 0.3.1.1 | 37.00 | 211.00 | 248.00 | OK | |
r-oldrel-macos-arm64 | 0.3.1.1 | 88.00 | OK | |||
r-oldrel-macos-x86_64 | 0.3.1.1 | 110.00 | OK | |||
r-oldrel-windows-x86_64 | 0.3.1.1 | 36.00 | 207.00 | 243.00 | OK |
Version: 0.3.1.1
Check: package dependencies
Result: NOTE
Package suggested but not available for checking: ‘quanteda.textmodels’
Flavor: r-release-macos-x86_64