CRAN Package Check Results for Package rangemap

Last updated on 2022-08-17 03:52:12 CEST.

Flavor Version Tinstall Tcheck Ttotal Status Flags
r-devel-linux-x86_64-debian-clang 0.1.18 41.24 374.25 415.49 OK
r-devel-linux-x86_64-debian-gcc 0.1.18 OK
r-devel-linux-x86_64-fedora-clang 0.1.18 494.45 NOTE
r-devel-linux-x86_64-fedora-gcc 0.1.18 484.19 NOTE
r-devel-windows-x86_64 0.1.18 65.00 408.00 473.00 OK
r-patched-linux-x86_64 0.1.18 36.43 357.57 394.00 OK
r-release-linux-x86_64 0.1.18 40.43 355.90 396.33 OK
r-release-macos-arm64 0.1.18 116.00 NOTE
r-release-macos-x86_64 0.1.18 217.00 NOTE
r-release-windows-x86_64 0.1.18 71.00 409.00 480.00 OK
r-oldrel-macos-arm64 0.1.18 94.00 NOTE
r-oldrel-macos-x86_64 0.1.18 89.00 NOTE
r-oldrel-windows-ix86+x86_64 0.1.18 92.00 411.00 503.00 OK

Additional issues

donttest

Check Details

Version: 0.1.18
Check: data for non-ASCII characters
Result: NOTE
     Note: found 7734 marked UTF-8 strings
Flavors: r-devel-linux-x86_64-fedora-clang, r-devel-linux-x86_64-fedora-gcc, r-release-macos-arm64, r-release-macos-x86_64, r-oldrel-macos-arm64, r-oldrel-macos-x86_64