CRAN Package Check Results for Package rasterDT

Last updated on 2021-09-18 02:52:07 CEST.

Flavor Version Tinstall Tcheck Ttotal Status Flags
r-devel-linux-x86_64-debian-clang 0.3.1 10.42 121.63 132.05 NOTE
r-devel-linux-x86_64-debian-gcc 0.3.1 8.27 88.79 97.06 NOTE
r-devel-linux-x86_64-fedora-clang 0.3.1 162.54 NOTE
r-devel-linux-x86_64-fedora-gcc 0.3.1 151.15 NOTE
r-devel-windows-x86_64 0.3.1 14.00 138.00 152.00 NOTE
r-devel-windows-x86_64-gcc10-UCRT 0.3.1 NOTE
r-patched-linux-x86_64 0.3.1 11.05 112.42 123.47 NOTE
r-patched-solaris-x86 0.3.1 218.20 NOTE
r-release-linux-x86_64 0.3.1 10.32 111.01 121.33 NOTE
r-release-macos-arm64 0.3.1 NOTE
r-release-macos-x86_64 0.3.1 NOTE
r-release-windows-ix86+x86_64 0.3.1 27.00 100.00 127.00 NOTE
r-oldrel-macos-x86_64 0.3.1 OK
r-oldrel-windows-ix86+x86_64 0.3.1 26.00 94.00 120.00 OK

Check Details

Version: 0.3.1
Check: LazyData
Result: NOTE
     'LazyData' is specified without a 'data' directory
Flavors: r-devel-linux-x86_64-debian-clang, r-devel-linux-x86_64-debian-gcc, r-devel-linux-x86_64-fedora-clang, r-devel-linux-x86_64-fedora-gcc, r-devel-windows-x86_64, r-devel-windows-x86_64-gcc10-UCRT, r-patched-linux-x86_64, r-patched-solaris-x86, r-release-linux-x86_64, r-release-macos-arm64, r-release-macos-x86_64, r-release-windows-ix86+x86_64