CRAN Package Check Results for Package raveio

Last updated on 2021-08-04 02:50:12 CEST.

Flavor Version Tinstall Tcheck Ttotal Status Flags
r-devel-linux-x86_64-debian-clang 0.0.3 14.04 67.62 81.66 NOTE
r-devel-linux-x86_64-debian-gcc 0.0.3 10.54 52.84 63.38 NOTE
r-devel-linux-x86_64-fedora-clang 0.0.3 103.61 NOTE
r-devel-linux-x86_64-fedora-gcc 0.0.3 92.26 NOTE
r-devel-windows-x86_64 0.0.3 17.00 107.00 124.00 NOTE
r-devel-windows-x86_64-gcc10-UCRT 0.0.3 NOTE
r-patched-linux-x86_64 0.0.3 13.99 63.44 77.43 NOTE
r-patched-solaris-x86 0.0.3 113.90 ERROR
r-release-linux-x86_64 0.0.3 12.70 63.68 76.38 NOTE
r-release-macos-arm64 0.0.3 ERROR
r-release-macos-x86_64 0.0.3 ERROR
r-release-windows-ix86+x86_64 0.0.3 26.00 98.00 124.00 NOTE
r-oldrel-macos-x86_64 0.0.3 OK
r-oldrel-windows-ix86+x86_64 0.0.3 22.00 98.00 120.00 OK

Additional issues

noSuggests

Check Details

Version: 0.0.3
Check: LazyData
Result: NOTE
     'LazyData' is specified without a 'data' directory
Flavors: r-devel-linux-x86_64-debian-clang, r-devel-linux-x86_64-debian-gcc, r-devel-linux-x86_64-fedora-clang, r-devel-linux-x86_64-fedora-gcc, r-devel-windows-x86_64, r-devel-windows-x86_64-gcc10-UCRT, r-patched-linux-x86_64, r-patched-solaris-x86, r-release-linux-x86_64, r-release-windows-ix86+x86_64

Version: 0.0.3
Check: examples
Result: ERROR
    Running examples in ‘raveio-Ex.R’ failed
    The error most likely occurred in:
    
    > ### Name: LazyFST
    > ### Title: R6 Class to Load 'fst' Files
    > ### Aliases: LazyFST
    >
    > ### ** Examples
    >
    >
    > # Data to save, total 8 MB
    > x <- matrix(rnorm(1000000), ncol = 100)
    >
    > # Save to local disk
    > f <- tempfile()
    > fst::write_fst(as.data.frame(x), path = f)
    >
    > # Load via LazyFST
    > dat <- LazyFST$new(file_path = f, dims = c(10000, 100))
    >
    > # dat < 1 MB
    > pryr::object_size(dat)
    22,720 B
    >
    > # Check whether the data is identical
    > range(dat[] - x)
    
     *** caught segfault ***
    address 633acb22, cause 'memory not mapped'
Flavor: r-patched-solaris-x86

Version: 0.0.3
Check: package dependencies
Result: ERROR
    Package required but not available: ‘hdf5r’
    
    See section ‘The DESCRIPTION file’ in the ‘Writing R Extensions’
    manual.
Flavors: r-release-macos-arm64, r-release-macos-x86_64