Last updated on 2022-07-03 02:51:11 CEST.
Flavor | Version | Tinstall | Tcheck | Ttotal | Status | Flags |
---|---|---|---|---|---|---|
r-devel-linux-x86_64-debian-clang | 1.0.5 | 14.14 | 162.95 | 177.09 | OK | |
r-devel-linux-x86_64-debian-gcc | 1.0.5 | 9.89 | 122.44 | 132.33 | OK | |
r-devel-linux-x86_64-fedora-clang | 1.0.5 | 214.59 | NOTE | |||
r-devel-linux-x86_64-fedora-gcc | 1.0.5 | 216.79 | NOTE | |||
r-devel-windows-x86_64 | 1.0.5 | 32.00 | 180.00 | 212.00 | OK | |
r-patched-linux-x86_64 | 1.0.5 | 12.58 | 151.73 | 164.31 | OK | |
r-release-linux-x86_64 | 1.0.5 | 11.14 | 152.15 | 163.29 | OK | |
r-release-macos-arm64 | 1.0.5 | 55.00 | NOTE | |||
r-release-macos-x86_64 | 1.0.5 | 145.00 | NOTE | |||
r-release-windows-x86_64 | 1.0.5 | 44.00 | 187.00 | 231.00 | OK | |
r-oldrel-macos-arm64 | 1.0.5 | 89.00 | NOTE | |||
r-oldrel-macos-x86_64 | 1.0.5 | 113.00 | NOTE | |||
r-oldrel-windows-ix86+x86_64 | 1.0.5 | 31.00 | 184.00 | 215.00 | OK |
Version: 1.0.5
Check: data for non-ASCII characters
Result: NOTE
Note: found 8 marked UTF-8 strings
Flavors: r-devel-linux-x86_64-fedora-clang, r-devel-linux-x86_64-fedora-gcc, r-release-macos-arm64, r-release-macos-x86_64, r-oldrel-macos-arm64, r-oldrel-macos-x86_64