CRAN Package Check Results for Package rcol

Last updated on 2021-07-24 02:48:42 CEST.

Flavor Version Tinstall Tcheck Ttotal Status Flags
r-devel-linux-x86_64-debian-clang 0.2.0 3.84 39.89 43.73 OK
r-devel-linux-x86_64-debian-gcc 0.2.0 3.14 30.46 33.60 OK
r-devel-linux-x86_64-fedora-clang 0.2.0 59.94 OK
r-devel-linux-x86_64-fedora-gcc 0.2.0 49.23 OK
r-devel-windows-x86_64 0.2.0 6.00 46.00 52.00 OK
r-devel-windows-x86_64-gcc10-UCRT 0.2.0 OK
r-patched-linux-x86_64 0.2.0 3.76 37.27 41.03 OK
r-patched-solaris-x86 0.2.0 76.70 OK
r-release-linux-x86_64 0.2.0 3.65 37.90 41.55 OK
r-release-macos-arm64 0.1.0 NOTE
r-release-macos-x86_64 0.2.0 OK
r-release-windows-ix86+x86_64 0.2.0 10.00 47.00 57.00 OK
r-oldrel-macos-x86_64 0.2.0 OK
r-oldrel-windows-ix86+x86_64 0.2.0 10.00 53.00 63.00 OK

Check Details

Version: 0.1.0
Check: LazyData
Result: NOTE
     'LazyData' is specified without a 'data' directory
Flavor: r-release-macos-arm64