CRAN Package Check Results for Package rcrossref

Last updated on 2021-07-30 02:51:51 CEST.

Flavor Version Tinstall Tcheck Ttotal Status Flags
r-devel-linux-x86_64-debian-clang 1.1.0 OK
r-devel-linux-x86_64-debian-gcc 1.1.0 6.94 179.71 186.65 OK
r-devel-linux-x86_64-fedora-clang 1.1.0 323.55 NOTE
r-devel-linux-x86_64-fedora-gcc 1.1.0 294.01 OK
r-devel-windows-x86_64 1.1.0 9.00 293.00 302.00 OK
r-devel-windows-x86_64-gcc10-UCRT 1.1.0 OK
r-patched-linux-x86_64 1.1.0 OK
r-patched-solaris-x86 1.1.0 359.00 OK
r-release-linux-x86_64 1.1.0 10.08 233.79 243.87 OK
r-release-macos-arm64 1.1.0 OK
r-release-macos-x86_64 1.1.0 OK
r-release-windows-ix86+x86_64 1.1.0 20.00 281.00 301.00 OK
r-oldrel-macos-x86_64 1.1.0 OK
r-oldrel-windows-ix86+x86_64 1.1.0 18.00 286.00 304.00 OK

Check Details

Version: 1.1.0
Check: package dependencies
Result: NOTE
    Suggests orphaned package: ‘bibtex’
Flavor: r-devel-linux-x86_64-fedora-clang