CRAN Package Check Results for Package read.gt3x

Last updated on 2021-11-29 02:48:40 CET.

Flavor Version Tinstall Tcheck Ttotal Status Flags
r-devel-linux-x86_64-debian-clang 1.0.2 NOTE
r-devel-linux-x86_64-debian-gcc 1.0.2 22.13 61.15 83.28 NOTE
r-devel-linux-x86_64-fedora-clang 1.0.2 145.82 NOTE
r-devel-linux-x86_64-fedora-gcc 1.0.2 126.19 NOTE
r-devel-windows-x86_64-new-UL 1.0.2 44.00 217.00 261.00 NOTE
r-devel-windows-x86_64-new-TK 1.0.2 NOTE
r-devel-windows-x86_64-old 1.0.2 26.00 197.00 223.00 NOTE
r-patched-linux-x86_64 1.0.2 26.42 71.16 97.58 NOTE
r-patched-solaris-x86 1.0.2 192.40 NOTE
r-release-linux-x86_64 1.0.2 24.31 71.02 95.33 NOTE
r-release-macos-arm64 1.0.2 NOTE
r-release-macos-x86_64 1.0.2 NOTE
r-release-windows-ix86+x86_64 1.0.2 73.00 235.00 308.00 NOTE
r-oldrel-macos-x86_64 1.0.2 OK
r-oldrel-windows-ix86+x86_64 1.0.2 50.00 234.00 284.00 OK

Check Details

Version: 1.0.2
Check: LazyData
Result: NOTE
     'LazyData' is specified without a 'data' directory
Flavors: r-devel-linux-x86_64-debian-clang, r-devel-linux-x86_64-debian-gcc, r-devel-linux-x86_64-fedora-clang, r-devel-linux-x86_64-fedora-gcc, r-devel-windows-x86_64-new-UL, r-devel-windows-x86_64-new-TK, r-devel-windows-x86_64-old, r-patched-linux-x86_64, r-patched-solaris-x86, r-release-linux-x86_64, r-release-macos-arm64, r-release-macos-x86_64, r-release-windows-ix86+x86_64