CRAN Package Check Results for Package readmnist

Last updated on 2022-05-23 02:53:46 CEST.

Flavor Version Tinstall Tcheck Ttotal Status Flags
r-devel-linux-x86_64-debian-clang 1.0.6 2.08 28.71 30.79 NOTE
r-devel-linux-x86_64-debian-gcc 1.0.6 1.56 22.32 23.88 NOTE
r-devel-linux-x86_64-fedora-clang 1.0.6 37.51 NOTE
r-devel-linux-x86_64-fedora-gcc 1.0.6 26.22 NOTE
r-devel-windows-x86_64 1.0.6 12.00 41.00 53.00 NOTE
r-patched-linux-x86_64 1.0.6 1.94 27.48 29.42 NOTE
r-release-linux-x86_64 1.0.6 1.81 28.15 29.96 NOTE
r-release-macos-arm64 1.0.6 13.00 NOTE
r-release-macos-x86_64 1.0.6 18.00 NOTE
r-release-windows-x86_64 1.0.6 4.00 42.00 46.00 NOTE
r-oldrel-macos-arm64 1.0.6 13.00 NOTE
r-oldrel-macos-x86_64 1.0.6 23.00 NOTE
r-oldrel-windows-ix86+x86_64 1.0.6 8.00 26.00 34.00 NOTE

Check Details

Version: 1.0.6
Check: LazyData
Result: NOTE
     'LazyData' is specified without a 'data' directory
Flavors: r-devel-linux-x86_64-debian-clang, r-devel-linux-x86_64-debian-gcc, r-devel-linux-x86_64-fedora-clang, r-devel-linux-x86_64-fedora-gcc, r-devel-windows-x86_64, r-patched-linux-x86_64, r-release-linux-x86_64, r-release-macos-arm64, r-release-macos-x86_64, r-release-windows-x86_64, r-oldrel-macos-arm64, r-oldrel-macos-x86_64, r-oldrel-windows-ix86+x86_64