CRAN Package Check Results for Package refitME

Last updated on 2022-01-27 02:51:39 CET.

Flavor Version Tinstall Tcheck Ttotal Status Flags
r-devel-linux-x86_64-debian-clang 1.2.2 10.93 115.41 126.34 OK
r-devel-linux-x86_64-debian-gcc 1.2.2 11.45 90.24 101.69 OK
r-devel-linux-x86_64-fedora-clang 1.2.2 152.10 NOTE
r-devel-linux-x86_64-fedora-gcc 1.2.2 147.17 NOTE
r-devel-windows-x86_64-new-UL 1.2.2 35.00 140.00 175.00 OK
r-devel-windows-x86_64-new-TK 1.2.2 NOTE
r-patched-linux-x86_64 1.2.2 11.80 111.00 122.80 OK
r-release-linux-x86_64 1.2.2 10.29 108.08 118.37 OK
r-release-macos-arm64 1.2.2 NOTE
r-release-macos-x86_64 1.2.2 NOTE
r-release-windows-ix86+x86_64 1.2.2 25.00 131.00 156.00 OK
r-oldrel-macos-x86_64 1.2.0 NOTE
r-oldrel-windows-ix86+x86_64 1.2.0 25.00 114.00 139.00 OK

Check Details

Version: 1.2.2
Check: dependencies in R code
Result: NOTE
    Namespaces in Imports field not imported from:
     ‘SemiPar’ ‘caret’ ‘dplyr’ ‘scales’
     All declared Imports should be used.
Flavors: r-devel-linux-x86_64-fedora-clang, r-devel-linux-x86_64-fedora-gcc, r-devel-windows-x86_64-new-TK, r-release-macos-arm64, r-release-macos-x86_64

Version: 1.2.0
Check: dependencies in R code
Result: NOTE
    Namespaces in Imports field not imported from:
     ‘SemiPar’ ‘caret’ ‘dplyr’
     All declared Imports should be used.
Flavor: r-oldrel-macos-x86_64