Last updated on 2022-06-29 02:55:20 CEST.
Flavor | Version | Tinstall | Tcheck | Ttotal | Status | Flags |
---|---|---|---|---|---|---|
r-devel-linux-x86_64-debian-clang | 0.5 | 3.68 | 59.46 | 63.14 | OK | |
r-devel-linux-x86_64-debian-gcc | 0.5 | 2.94 | 45.98 | 48.92 | OK | |
r-devel-linux-x86_64-fedora-clang | 0.5 | 84.72 | OK | |||
r-devel-linux-x86_64-fedora-gcc | 0.5 | 87.04 | OK | |||
r-devel-windows-x86_64 | 0.5 | 11.00 | 77.00 | 88.00 | OK | |
r-patched-linux-x86_64 | 0.5 | 4.01 | 56.68 | 60.69 | OK | |
r-release-linux-x86_64 | 0.5 | 3.44 | 56.37 | 59.81 | OK | |
r-release-macos-arm64 | 0.5 | 5.00 | ERROR | |||
r-release-macos-x86_64 | 0.5 | 6.00 | ERROR | |||
r-release-windows-x86_64 | 0.5 | 19.00 | 77.00 | 96.00 | OK | |
r-oldrel-macos-arm64 | 0.5 | 5.00 | ERROR | |||
r-oldrel-macos-x86_64 | 0.5 | 8.00 | ERROR | |||
r-oldrel-windows-ix86+x86_64 | 0.5 | 6.00 | 77.00 | 83.00 | OK |
Version: 0.5
Check: package dependencies
Result: ERROR
Package required but not available: ‘Rmpi’
See section ‘The DESCRIPTION file’ in the ‘Writing R Extensions’
manual.
Flavors: r-release-macos-arm64, r-release-macos-x86_64, r-oldrel-macos-arm64, r-oldrel-macos-x86_64