CRAN Package Check Results for Package regclass

Last updated on 2021-09-22 02:49:41 CEST.

Flavor Version Tinstall Tcheck Ttotal Status Flags
r-devel-linux-x86_64-debian-clang 1.6 15.92 154.43 170.35 OK
r-devel-linux-x86_64-debian-gcc 1.6 13.31 117.40 130.71 OK
r-devel-linux-x86_64-fedora-clang 1.6 211.42 OK
r-devel-linux-x86_64-fedora-gcc 1.6 202.70 OK
r-devel-windows-x86_64 1.6 17.00 149.00 166.00 OK
r-devel-windows-x86_64-gcc10-UCRT 1.6 ERROR
r-patched-linux-x86_64 1.6 21.12 149.12 170.24 OK
r-patched-solaris-x86 1.6 299.60 OK
r-release-linux-x86_64 1.6 14.25 150.20 164.45 OK
r-release-macos-arm64 1.6 OK
r-release-macos-x86_64 1.6 OK
r-release-windows-ix86+x86_64 1.6 29.00 141.00 170.00 OK
r-oldrel-macos-x86_64 1.6 OK
r-oldrel-windows-ix86+x86_64 1.6 30.00 154.00 184.00 OK

Check Details

Version: 1.6
Check: whether package can be installed
Result: WARN
    Found the following significant warnings:
     WARNING: installation-time patches will not be applied, could not get the patches index
Flavor: r-devel-windows-x86_64-gcc10-UCRT

Version: 1.6
Check: PDF version of manual
Result: WARN
    LaTeX errors when creating PDF version.
    This typically indicates Rd problems.
Flavor: r-devel-windows-x86_64-gcc10-UCRT

Version: 1.6
Check: PDF version of manual without hyperrefs or index
Result: ERROR
    Re-running with no redirection of stdout/stderr.
Flavor: r-devel-windows-x86_64-gcc10-UCRT