CRAN Package Check Results for Package rempsyc

Last updated on 2023-06-10 02:50:42 CEST.

Flavor Version Tinstall Tcheck Ttotal Status Flags
r-devel-linux-x86_64-debian-clang 0.1.2 8.09 255.85 263.94 OK
r-devel-linux-x86_64-debian-gcc 0.1.2 6.29 189.32 195.61 OK
r-devel-linux-x86_64-fedora-clang 0.1.2 336.96 NOTE
r-devel-linux-x86_64-fedora-gcc 0.1.2 371.84 OK
r-devel-windows-x86_64 0.1.2 8.00 213.00 221.00 OK
r-patched-linux-x86_64 0.1.2 9.69 242.34 252.03 OK
r-release-linux-x86_64 0.1.2 7.10 241.78 248.88 OK
r-release-macos-arm64 0.1.2 122.00 OK
r-release-macos-x86_64 0.1.1 170.00 OK
r-release-windows-x86_64 0.1.2 10.00 274.00 284.00 OK
r-oldrel-macos-arm64 0.1.2 111.00 OK
r-oldrel-macos-x86_64 0.1.2 136.00 OK
r-oldrel-windows-x86_64 0.1.2 11.00 276.00 287.00 OK

Check Details

Version: 0.1.2
Check: Rd cross-references
Result: NOTE
    Undeclared package ‘modelbased’ in Rd xrefs
Flavor: r-devel-linux-x86_64-fedora-clang