Last updated on 2022-06-27 02:54:36 CEST.
Flavor | Version | Tinstall | Tcheck | Ttotal | Status | Flags |
---|---|---|---|---|---|---|
r-devel-linux-x86_64-debian-clang | 0.1.3 | 45.51 | 262.84 | 308.35 | WARN | |
r-devel-linux-x86_64-debian-gcc | 0.1.3 | 39.63 | 189.06 | 228.69 | OK | |
r-devel-linux-x86_64-fedora-clang | 0.1.3 | 392.61 | WARN | |||
r-devel-linux-x86_64-fedora-gcc | 0.1.3 | 382.22 | OK | |||
r-devel-windows-x86_64 | 0.1.3 | 59.00 | 283.00 | 342.00 | OK | |
r-patched-linux-x86_64 | 0.1.3 | 41.96 | 253.75 | 295.71 | OK | |
r-release-linux-x86_64 | 0.1.3 | 35.83 | 248.93 | 284.76 | OK | |
r-release-macos-arm64 | 0.1.3 | 121.00 | OK | |||
r-release-macos-x86_64 | 0.1.3 | 178.00 | OK | |||
r-release-windows-x86_64 | 0.1.3 | 56.00 | 294.00 | 350.00 | OK | |
r-oldrel-macos-arm64 | 0.1.3 | 103.00 | OK | |||
r-oldrel-macos-x86_64 | 0.1.3 | 130.00 | OK | |||
r-oldrel-windows-ix86+x86_64 | 0.1.3 | 117.00 | 334.00 | 451.00 | OK |
Version: 0.1.3
Check: whether package can be installed
Result: WARN
Found the following significant warnings:
within_category_compare.cpp:52:21: warning: use of bitwise '|' with boolean operands [-Wbitwise-instead-of-logical]
Flavors: r-devel-linux-x86_64-debian-clang, r-devel-linux-x86_64-fedora-clang