CRAN Package Check Results for Package restfulr

Last updated on 2021-10-19 02:48:48 CEST.

Flavor Version Tinstall Tcheck Ttotal Status Flags
r-devel-linux-x86_64-debian-clang 0.0.13 12.75 75.17 87.92 OK --no-tests
r-devel-linux-x86_64-debian-gcc 0.0.13 8.99 58.51 67.50 OK --no-tests
r-devel-linux-x86_64-fedora-clang 0.0.13 117.65 OK --no-tests
r-devel-linux-x86_64-fedora-gcc 0.0.13 105.20 OK --no-tests
r-devel-windows-x86_64 0.0.13 15.00 77.00 92.00 OK --no-examples --no-tests --no-vignettes
r-devel-windows-x86_64-gcc10-UCRT 0.0.13 OK
r-patched-linux-x86_64 0.0.13 13.18 76.02 89.20 OK --no-tests
r-patched-solaris-x86 0.0.13 139.90 NOTE
r-release-linux-x86_64 0.0.13 13.03 72.88 85.91 OK --no-tests
r-release-macos-arm64 0.0.13 OK
r-release-macos-x86_64 0.0.13 OK
r-release-windows-ix86+x86_64 0.0.13 20.00 109.00 129.00 OK --no-examples --no-tests --no-vignettes
r-oldrel-macos-x86_64 0.0.13 OK
r-oldrel-windows-ix86+x86_64 0.0.13 30.00 111.00 141.00 OK --no-examples --no-tests --no-vignettes

Check Details

Version: 0.0.13
Check: package dependencies
Result: NOTE
    Package suggested but not available for checking: ‘rsolr’
Flavor: r-patched-solaris-x86