CRAN Package Check Results for Package restfulr

Last updated on 2021-07-24 02:48:43 CEST.

Flavor Version Tinstall Tcheck Ttotal Status Flags
r-devel-linux-x86_64-debian-clang 0.0.13 14.67 77.53 92.20 OK --no-tests
r-devel-linux-x86_64-debian-gcc 0.0.13 10.82 59.07 69.89 OK --no-tests
r-devel-linux-x86_64-fedora-clang 0.0.13 115.66 OK --no-tests
r-devel-linux-x86_64-fedora-gcc 0.0.13 107.10 OK --no-tests
r-devel-windows-x86_64 0.0.13 14.00 64.00 78.00 OK --no-examples --no-tests --no-vignettes
r-devel-windows-x86_64-gcc10-UCRT 0.0.13 OK --no-tests
r-patched-linux-x86_64 0.0.13 12.15 75.46 87.61 OK --no-tests
r-patched-solaris-x86 0.0.13 163.00 NOTE
r-release-linux-x86_64 0.0.13 11.08 74.38 85.46 OK --no-tests
r-release-macos-arm64 0.0.13 OK
r-release-macos-x86_64 0.0.13 OK
r-release-windows-ix86+x86_64 0.0.13 28.00 85.00 113.00 OK --no-examples --no-tests --no-vignettes
r-oldrel-macos-x86_64 0.0.13 OK
r-oldrel-windows-ix86+x86_64 0.0.13 46.00 100.00 146.00 OK --no-examples --no-tests --no-vignettes

Check Details

Version: 0.0.13
Check: package dependencies
Result: NOTE
    Package suggested but not available for checking: ‘rsolr’
Flavor: r-patched-solaris-x86