CRAN Package Check Results for Package rfigshare

Last updated on 2021-05-14 02:49:26 CEST.

Flavor Version Tinstall Tcheck Ttotal Status Flags
r-devel-linux-x86_64-debian-clang 0.3.7 6.98 64.90 71.88 NOTE
r-devel-linux-x86_64-debian-gcc 0.3.7 5.22 49.12 54.34 NOTE
r-devel-linux-x86_64-fedora-clang 0.3.7 98.28 NOTE
r-devel-linux-x86_64-fedora-gcc 0.3.7 80.56 NOTE
r-devel-windows-ix86+x86_64 0.3.7 17.00 64.00 81.00 NOTE
r-devel-windows-x86_64-gcc10-UCRT 0.3.7 NOTE
r-patched-linux-x86_64 0.3.7 6.11 62.02 68.13 NOTE
r-patched-solaris-x86 0.3.7 121.00 NOTE
r-release-linux-x86_64 0.3.7 5.72 60.68 66.40 NOTE
r-release-macos-x86_64 0.3.7 NOTE
r-release-windows-ix86+x86_64 0.3.7 12.00 97.00 109.00 NOTE
r-oldrel-macos-x86_64 0.3.7 NOTE
r-oldrel-windows-ix86+x86_64 0.3.7 15.00 78.00 93.00 NOTE

Check Details

Version: 0.3.7
Check: R code for possible problems
Result: NOTE
    fs_author_ids : <anonymous>: no visible global function definition for
     'select.list'
    fs_download : <anonymous>: no visible global function definition for
     'download.file'
    Undefined global functions or variables:
     download.file select.list
    Consider adding
     importFrom("utils", "download.file", "select.list")
    to your NAMESPACE file.
Flavors: r-devel-linux-x86_64-debian-clang, r-devel-linux-x86_64-debian-gcc, r-devel-linux-x86_64-fedora-clang, r-devel-linux-x86_64-fedora-gcc, r-devel-windows-ix86+x86_64, r-devel-windows-x86_64-gcc10-UCRT, r-patched-linux-x86_64, r-patched-solaris-x86, r-release-linux-x86_64, r-release-macos-x86_64, r-release-windows-ix86+x86_64, r-oldrel-macos-x86_64, r-oldrel-windows-ix86+x86_64