CRAN Package Check Results for Package rfigshare

Last updated on 2021-08-05 02:51:16 CEST.

Flavor Version Tinstall Tcheck Ttotal Status Flags
r-devel-linux-x86_64-debian-clang 0.3.7 6.54 65.92 72.46 NOTE
r-devel-linux-x86_64-debian-gcc 0.3.7 4.82 50.24 55.06 NOTE
r-devel-linux-x86_64-fedora-clang 0.3.7 93.53 NOTE
r-devel-linux-x86_64-fedora-gcc 0.3.7 81.45 NOTE
r-devel-windows-x86_64 0.3.7 7.00 91.00 98.00 NOTE
r-devel-windows-x86_64-gcc10-UCRT 0.3.7 NOTE
r-patched-linux-x86_64 0.3.7 6.25 61.14 67.39 NOTE
r-patched-solaris-x86 0.3.7 120.10 NOTE
r-release-linux-x86_64 0.3.7 6.25 62.16 68.41 NOTE
r-release-macos-arm64 0.3.7 NOTE
r-release-macos-x86_64 0.3.7 NOTE
r-release-windows-ix86+x86_64 0.3.7 15.00 68.00 83.00 NOTE
r-oldrel-macos-x86_64 0.3.7 NOTE
r-oldrel-windows-ix86+x86_64 0.3.7 34.00 87.00 121.00 NOTE

Check Details

Version: 0.3.7
Check: R code for possible problems
Result: NOTE
    fs_author_ids : <anonymous>: no visible global function definition for
     'select.list'
    fs_download : <anonymous>: no visible global function definition for
     'download.file'
    Undefined global functions or variables:
     download.file select.list
    Consider adding
     importFrom("utils", "download.file", "select.list")
    to your NAMESPACE file.
Flavors: r-devel-linux-x86_64-debian-clang, r-devel-linux-x86_64-debian-gcc, r-devel-linux-x86_64-fedora-clang, r-devel-linux-x86_64-fedora-gcc, r-devel-windows-x86_64, r-devel-windows-x86_64-gcc10-UCRT, r-patched-linux-x86_64, r-patched-solaris-x86, r-release-linux-x86_64, r-release-macos-arm64, r-release-macos-x86_64, r-release-windows-ix86+x86_64, r-oldrel-macos-x86_64, r-oldrel-windows-ix86+x86_64