Last updated on 2022-05-23 02:53:47 CEST.
Flavor | Version | Tinstall | Tcheck | Ttotal | Status | Flags |
---|---|---|---|---|---|---|
r-devel-linux-x86_64-debian-clang | 0.3.2 | 2.98 | 51.83 | 54.81 | OK | |
r-devel-linux-x86_64-debian-gcc | 0.3.2 | 2.54 | 39.60 | 42.14 | OK | |
r-devel-linux-x86_64-fedora-clang | 0.3.2 | 68.98 | NOTE | |||
r-devel-linux-x86_64-fedora-gcc | 0.3.2 | 53.89 | NOTE | |||
r-devel-windows-x86_64 | 0.3.2 | 30.00 | 78.00 | 108.00 | OK | |
r-patched-linux-x86_64 | 0.3.2 | 2.57 | 50.10 | 52.67 | OK | |
r-release-linux-x86_64 | 0.3.2 | 3.74 | 48.98 | 52.72 | OK | |
r-release-macos-arm64 | 0.3.2 | 27.00 | NOTE | |||
r-release-macos-x86_64 | 0.3.2 | 32.00 | NOTE | |||
r-release-windows-x86_64 | 0.3.2 | 25.00 | 77.00 | 102.00 | OK | |
r-oldrel-macos-arm64 | 0.3.2 | 25.00 | NOTE | |||
r-oldrel-macos-x86_64 | 0.3.2 | 32.00 | NOTE | |||
r-oldrel-windows-ix86+x86_64 | 0.3.2 | 8.00 | 63.00 | 71.00 | OK |
Version: 0.3.2
Check: data for non-ASCII characters
Result: NOTE
Note: found 1473 marked UTF-8 strings
Flavors: r-devel-linux-x86_64-fedora-clang, r-devel-linux-x86_64-fedora-gcc, r-release-macos-arm64, r-release-macos-x86_64, r-oldrel-macos-arm64, r-oldrel-macos-x86_64