CRAN Package Check Results for Package rhub

Last updated on 2021-12-04 02:48:54 CET.

Flavor Version Tinstall Tcheck Ttotal Status Flags
r-devel-linux-x86_64-debian-clang 1.1.1 6.51 52.09 58.60 NOTE
r-devel-linux-x86_64-debian-gcc 1.1.1 5.23 40.89 46.12 NOTE
r-devel-linux-x86_64-fedora-clang 1.1.1 84.14 NOTE
r-devel-linux-x86_64-fedora-gcc 1.1.1 86.21 NOTE
r-devel-windows-x86_64-new-UL 1.1.1 17.00 98.00 115.00 NOTE
r-devel-windows-x86_64-new-TK 1.1.1 NOTE
r-devel-windows-x86_64-old 1.1.1 13.00 60.00 73.00 NOTE
r-patched-linux-x86_64 1.1.1 6.83 50.19 57.02 NOTE
r-release-linux-x86_64 1.1.1 7.01 50.58 57.59 NOTE
r-release-macos-arm64 1.1.1 NOTE
r-release-macos-x86_64 1.1.1 NOTE
r-release-windows-ix86+x86_64 1.1.1 14.00 86.00 100.00 NOTE
r-oldrel-macos-x86_64 1.1.1 OK
r-oldrel-windows-ix86+x86_64 1.1.1 15.00 80.00 95.00 OK

Check Details

Version: 1.1.1
Check: LazyData
Result: NOTE
     'LazyData' is specified without a 'data' directory
Flavors: r-devel-linux-x86_64-debian-clang, r-devel-linux-x86_64-debian-gcc, r-devel-linux-x86_64-fedora-clang, r-devel-linux-x86_64-fedora-gcc, r-devel-windows-x86_64-new-UL, r-devel-windows-x86_64-new-TK, r-devel-windows-x86_64-old, r-patched-linux-x86_64, r-release-linux-x86_64, r-release-macos-arm64, r-release-macos-x86_64, r-release-windows-ix86+x86_64