CRAN Package Check Results for Package riskSimul

Last updated on 2021-05-18 02:49:27 CEST.

Flavor Version Tinstall Tcheck Ttotal Status Flags
r-devel-linux-x86_64-debian-clang 0.1 3.30 38.90 42.20 NOTE
r-devel-linux-x86_64-debian-gcc 0.1 2.73 29.48 32.21 NOTE
r-devel-linux-x86_64-fedora-clang 0.1 59.72 NOTE
r-devel-linux-x86_64-fedora-gcc 0.1 49.06 NOTE
r-devel-windows-ix86+x86_64 0.1 8.00 47.00 55.00 NOTE
r-devel-windows-x86_64-gcc10-UCRT 0.1 NOTE
r-patched-linux-x86_64 0.1 3.82 37.53 41.35 NOTE
r-patched-solaris-x86 0.1 70.40 NOTE
r-release-linux-x86_64 0.1 3.55 36.52 40.07 NOTE
r-release-macos-x86_64 0.1 NOTE
r-release-windows-ix86+x86_64 0.1 7.00 43.00 50.00 NOTE
r-oldrel-macos-x86_64 0.1 NOTE
r-oldrel-windows-ix86+x86_64 0.1 5.00 49.00 54.00 NOTE

Check Details

Version: 0.1
Check: R code for possible problems
Result: NOTE
    Alg2: no visible global function definition for 'uniroot'
    Alg3: no visible global function definition for 'optim'
    NVCopula: no visible global function definition for 'rnorm'
    NVCopula: no visible global function definition for 'rgamma'
    NVCopula: no visible global function definition for 'var'
    NVCopula: no visible global function definition for 'cov'
    NVCopula: no visible global function definition for 'qnorm'
    NVCopulaMT: no visible global function definition for 'rnorm'
    NVCopulaMT: no visible global function definition for 'rgamma'
    NVCopulaMT: no visible global function definition for 'var'
    NVCopulaMT: no visible global function definition for 'cov'
    NVCopulaMT: no visible global function definition for 'qnorm'
    R2X: no visible global function definition for 'write.table'
    ReturnCopula: no visible global function definition for 'qt'
    ReturnCopula: no visible global function definition for 'pt'
    SISCopula: no visible global function definition for 'runif'
    SISCopula: no visible global function definition for 'qnorm'
    SISCopula: no visible global function definition for 'rnorm'
    SISCopula: no visible global function definition for 'qgamma'
    SISCopula: no visible global function definition for 'var'
    SISCopula: no visible global function definition for 'cov'
    SISCopulaMT: no visible global function definition for 'runif'
    SISCopulaMT: no visible global function definition for 'qnorm'
    SISCopulaMT: no visible global function definition for 'rnorm'
    SISCopulaMT: no visible global function definition for 'qgamma'
    SISCopulaMT: no visible global function definition for 'var'
    SISCopulaMT: no visible global function definition for 'cov'
    Undefined global functions or variables:
     cov optim pt qgamma qnorm qt rgamma rnorm runif uniroot var
     write.table
    Consider adding
     importFrom("stats", "cov", "optim", "pt", "qgamma", "qnorm", "qt",
     "rgamma", "rnorm", "runif", "uniroot", "var")
     importFrom("utils", "write.table")
    to your NAMESPACE file.
Flavors: r-devel-linux-x86_64-debian-clang, r-devel-linux-x86_64-debian-gcc, r-devel-linux-x86_64-fedora-clang, r-devel-linux-x86_64-fedora-gcc, r-devel-windows-ix86+x86_64, r-devel-windows-x86_64-gcc10-UCRT, r-patched-linux-x86_64, r-patched-solaris-x86, r-release-linux-x86_64, r-release-macos-x86_64, r-release-windows-ix86+x86_64, r-oldrel-macos-x86_64, r-oldrel-windows-ix86+x86_64