CRAN Package Check Results for Package rliger

Last updated on 2022-08-15 04:50:25 CEST.

Flavor Version Tinstall Tcheck Ttotal Status Flags
r-devel-linux-x86_64-debian-clang 1.0.0 139.36 239.47 378.83 OK
r-devel-linux-x86_64-debian-gcc 1.0.0 109.26 182.24 291.50 OK
r-devel-linux-x86_64-fedora-clang 1.0.0 509.42 NOTE
r-devel-linux-x86_64-fedora-gcc 1.0.0 474.66 OK
r-devel-windows-x86_64 1.0.0 149.00 290.00 439.00 OK
r-patched-linux-x86_64 1.0.0 90.96 228.44 319.40 OK
r-release-linux-x86_64 1.0.0 105.88 228.62 334.50 OK
r-release-macos-arm64 1.0.0 115.00 NOTE
r-release-macos-x86_64 1.0.0 206.00 NOTE
r-release-windows-x86_64 1.0.0 190.00 285.00 475.00 OK
r-oldrel-macos-arm64 1.0.0 144.00 NOTE
r-oldrel-macos-x86_64 1.0.0 162.00 NOTE
r-oldrel-windows-ix86+x86_64 1.0.0 336.00 387.00 723.00 OK

Check Details

Version: 1.0.0
Check: installed package size
Result: NOTE
     installed size is 5.5Mb
     sub-directories of 1Mb or more:
     libs 4.9Mb
Flavors: r-devel-linux-x86_64-fedora-clang, r-release-macos-arm64, r-release-macos-x86_64, r-oldrel-macos-arm64, r-oldrel-macos-x86_64

Version: 1.0.0
Check: package dependencies
Result: NOTE
    Packages suggested but not available for checking:
     'GenomicRanges', 'S4Vectors', 'IRanges', 'org.Hs.eg.db',
     'reactome.db', 'fgsea', 'AnnotationDbi'
Flavor: r-release-macos-arm64

Version: 1.0.0
Check: package dependencies
Result: NOTE
    Packages suggested but not available for checking:
     'GenomicRanges', 'org.Hs.eg.db', 'reactome.db', 'fgsea'
Flavor: r-oldrel-macos-arm64

Version: 1.0.0
Check: package dependencies
Result: NOTE
    Packages suggested but not available for checking:
     'org.Hs.eg.db', 'reactome.db', 'fgsea'
Flavor: r-oldrel-macos-x86_64