CRAN Package Check Results for Package rliger

Last updated on 2021-09-21 02:49:20 CEST.

Flavor Version Tinstall Tcheck Ttotal Status Flags
r-devel-linux-x86_64-debian-clang 1.0.0 149.91 218.64 368.55 OK
r-devel-linux-x86_64-debian-gcc 1.0.0 0.39 1.96 2.35 ERROR
r-devel-linux-x86_64-fedora-clang 1.0.0 12.29 ERROR
r-devel-linux-x86_64-fedora-gcc 1.0.0 2.71 ERROR
r-devel-windows-x86_64 1.0.0 104.00 6.00 110.00 ERROR
r-devel-windows-x86_64-gcc10-UCRT 1.0.0 ERROR
r-patched-linux-x86_64 1.0.0 116.19 203.81 320.00 OK
r-patched-solaris-x86 1.0.0 511.20 OK
r-release-linux-x86_64 1.0.0 106.21 205.02 311.23 OK
r-release-macos-arm64 1.0.0 NOTE
r-release-macos-x86_64 1.0.0 NOTE
r-release-windows-ix86+x86_64 1.0.0 323.00 299.00 622.00 OK
r-oldrel-macos-x86_64 1.0.0 NOTE
r-oldrel-windows-ix86+x86_64 1.0.0 328.00 283.00 611.00 OK

Check Details

Version: 1.0.0
Check: package dependencies
Result: ERROR
    Package required but not available: ‘hdf5r’
    
    See section ‘The DESCRIPTION file’ in the ‘Writing R Extensions’
    manual.
Flavors: r-devel-linux-x86_64-debian-gcc, r-devel-linux-x86_64-fedora-clang, r-devel-linux-x86_64-fedora-gcc

Version: 1.0.0
Check: whether package can be installed
Result: ERROR
    Installation failed.
Flavors: r-devel-windows-x86_64, r-devel-windows-x86_64-gcc10-UCRT

Version: 1.0.0
Check: package dependencies
Result: NOTE
    Packages suggested but not available for checking:
     'GenomicRanges', 'org.Hs.eg.db', 'reactome.db', 'fgsea'
Flavor: r-release-macos-arm64

Version: 1.0.0
Check: installed package size
Result: NOTE
     installed size is 8.6Mb
     sub-directories of 1Mb or more:
     libs 7.9Mb
Flavors: r-release-macos-arm64, r-release-macos-x86_64, r-oldrel-macos-x86_64

Version: 1.0.0
Check: package dependencies
Result: NOTE
    Packages suggested but not available for checking:
     'org.Hs.eg.db', 'reactome.db', 'fgsea'
Flavor: r-release-macos-x86_64

Version: 1.0.0
Check: package dependencies
Result: NOTE
    Packages suggested but not available for checking: 'reactome.db', 'fgsea'
Flavor: r-oldrel-macos-x86_64