CRAN Package Check Results for Package rmake

Last updated on 2023-06-06 02:55:51 CEST.

Flavor Version Tinstall Tcheck Ttotal Status Flags
r-devel-linux-x86_64-debian-clang 1.1.0 5.87 50.07 55.94 NOTE
r-devel-linux-x86_64-debian-gcc 1.1.0 3.69 38.75 42.44 NOTE
r-devel-linux-x86_64-fedora-clang 1.1.0 73.93 NOTE
r-devel-linux-x86_64-fedora-gcc 1.1.0 66.77 NOTE
r-devel-windows-x86_64 1.1.0 7.00 69.00 76.00 NOTE
r-patched-linux-x86_64 1.1.0 3.35 48.45 51.80 NOTE
r-release-linux-x86_64 1.1.0 3.30 47.27 50.57 NOTE
r-release-macos-arm64 1.1.0 34.00 NOTE
r-release-macos-x86_64 1.1.0 46.00 NOTE
r-release-windows-x86_64 1.1.0 8.00 68.00 76.00 NOTE
r-oldrel-macos-arm64 1.1.0 30.00 NOTE
r-oldrel-macos-x86_64 1.1.0 43.00 NOTE
r-oldrel-windows-x86_64 1.1.0 9.00 78.00 87.00 NOTE

Check Details

Version: 1.1.0
Check: LazyData
Result: NOTE
     'LazyData' is specified without a 'data' directory
Flavors: r-devel-linux-x86_64-debian-clang, r-devel-linux-x86_64-debian-gcc, r-devel-linux-x86_64-fedora-clang, r-devel-linux-x86_64-fedora-gcc, r-devel-windows-x86_64, r-patched-linux-x86_64, r-release-linux-x86_64, r-release-macos-arm64, r-release-macos-x86_64, r-release-windows-x86_64, r-oldrel-macos-arm64, r-oldrel-macos-x86_64, r-oldrel-windows-x86_64