Last updated on 2023-06-06 02:55:51 CEST.
Flavor | Version | Tinstall | Tcheck | Ttotal | Status | Flags |
---|---|---|---|---|---|---|
r-devel-linux-x86_64-debian-clang | 1.4.3 | 10.00 | 207.19 | 217.19 | OK | |
r-devel-linux-x86_64-debian-gcc | 1.4.3 | 9.13 | 153.87 | 163.00 | OK | |
r-devel-linux-x86_64-fedora-clang | 1.4.3 | 265.99 | NOTE | |||
r-devel-linux-x86_64-fedora-gcc | 1.4.3 | 269.24 | OK | |||
r-devel-windows-x86_64 | 1.4.3 | 12.00 | 178.00 | 190.00 | NOTE | |
r-patched-linux-x86_64 | 1.4.3 | 10.90 | 196.75 | 207.65 | OK | |
r-release-linux-x86_64 | 1.4.3 | 9.32 | 195.42 | 204.74 | OK | |
r-release-macos-arm64 | 1.4.3 | 81.00 | NOTE | |||
r-release-macos-x86_64 | 1.4.3 | 136.00 | NOTE | |||
r-release-windows-x86_64 | 1.4.3 | 14.00 | 215.00 | 229.00 | NOTE | |
r-oldrel-macos-arm64 | 1.4.3 | 75.00 | NOTE | |||
r-oldrel-macos-x86_64 | 1.4.3 | 134.00 | NOTE | |||
r-oldrel-windows-x86_64 | 1.4.3 | 14.00 | 209.00 | 223.00 | NOTE |
Version: 1.4.3
Check: installed package size
Result: NOTE
installed size is 5.2Mb
sub-directories of 1Mb or more:
data 2.9Mb
doc 1.7Mb
Flavors: r-devel-linux-x86_64-fedora-clang, r-devel-windows-x86_64, r-release-macos-arm64, r-release-macos-x86_64, r-release-windows-x86_64, r-oldrel-macos-arm64, r-oldrel-macos-x86_64, r-oldrel-windows-x86_64