CRAN Package Check Results for Package robin

Last updated on 2021-10-23 01:49:13 CEST.

Flavor Version Tinstall Tcheck Ttotal Status Flags
r-devel-linux-x86_64-debian-clang 1.0.3 16.67 214.82 231.49 NOTE
r-devel-linux-x86_64-debian-gcc 1.0.3 11.96 159.49 171.45 NOTE
r-devel-linux-x86_64-fedora-clang 1.0.3 277.25 NOTE
r-devel-linux-x86_64-fedora-gcc 1.0.3 264.35 NOTE
r-devel-windows-x86_64 1.0.3 23.00 253.00 276.00 NOTE
r-devel-windows-x86_64-gcc10-UCRT 1.0.3 ERROR
r-patched-linux-x86_64 1.0.3 13.03 201.45 214.48 NOTE
r-patched-solaris-x86 1.0.3 297.70 NOTE
r-release-linux-x86_64 1.0.3 12.26 203.00 215.26 NOTE
r-release-macos-arm64 1.0.3 ERROR
r-release-macos-x86_64 1.0.3 WARN
r-release-windows-ix86+x86_64 1.0.3 27.00 213.00 240.00 NOTE
r-oldrel-macos-x86_64 1.0.3 WARN
r-oldrel-windows-ix86+x86_64 1.0.3 37.00 235.00 272.00 OK

Check Details

Version: 1.0.3
Check: LazyData
Result: NOTE
     'LazyData' is specified without a 'data' directory
Flavors: r-devel-linux-x86_64-debian-clang, r-devel-linux-x86_64-debian-gcc, r-devel-linux-x86_64-fedora-clang, r-devel-linux-x86_64-fedora-gcc, r-devel-windows-x86_64, r-patched-linux-x86_64, r-patched-solaris-x86, r-release-linux-x86_64, r-release-macos-x86_64, r-release-windows-ix86+x86_64

Version: 1.0.3
Check: package dependencies
Result: ERROR
    Packages required but not available: 'igraph', 'networkD3'
    
    See section 'The DESCRIPTION file' in the 'Writing R Extensions'
    manual.
Flavor: r-devel-windows-x86_64-gcc10-UCRT

Version: 1.0.3
Check: package dependencies
Result: ERROR
    Package required but not available: ‘gprege’
    
    See section ‘The DESCRIPTION file’ in the ‘Writing R Extensions’
    manual.
Flavor: r-release-macos-arm64

Version: 1.0.3
Check: re-building of vignette outputs
Result: WARN
    Error(s) in re-building vignettes:
    --- re-building ‘robin.Rmd’ using rmarkdown
    Warning in engine$weave(file, quiet = quiet, encoding = enc) :
     Pandoc (>= 1.12.3) not available. Falling back to R Markdown v1.
    Loading required package: igraph
    
    Attaching package: 'igraph'
    
    The following objects are masked from 'package:stats':
    
     decompose, spectrum
    
    The following object is masked from 'package:base':
    
     union
    
    Loading required package: gprege
    Loading required package: gptk
    Loading required package: Matrix
    Loading required package: fields
    Loading required package: spam
    Loading required package: dotCall64
    Loading required package: grid
    Spam version 2.6-0 (2020-12-14) is loaded.
    Type 'help( Spam)' or 'demo( spam)' for a short introduction
    and overview of this package.
    Help for individual functions is also obtained by adding the
    suffix '.spam' to the function name, e.g. 'help( chol.spam)'.
    
    Attaching package: 'spam'
    
    The following object is masked from 'package:Matrix':
    
     det
    
    The following objects are masked from 'package:base':
    
     backsolve, forwardsolve
    
    Loading required package: viridis
    Loading required package: viridisLite
    See https://github.com/NCAR/Fields for
     an extensive vignette, other supplements and source code
    Loading required package: qpdf
    Quitting from lines 97-98 (robin.Rmd)
    Error: processing vignette 'robin.Rmd' failed with diagnostics:
    invalid 'path' argument
    --- failed re-building ‘robin.Rmd’
    
    SUMMARY: processing the following file failed:
     ‘robin.Rmd’
    
    Error: Vignette re-building failed.
    Execution halted
Flavor: r-release-macos-x86_64

Version: 1.0.3
Check: re-building of vignette outputs
Result: WARN
    Error(s) in re-building vignettes:
    --- re-building ‘robin.Rmd’ using rmarkdown
    Warning in engine$weave(file, quiet = quiet, encoding = enc) :
     Pandoc (>= 1.12.3) and/or pandoc-citeproc not available. Falling back to R Markdown v1.
    Loading required package: igraph
    
    Attaching package: 'igraph'
    
    The following objects are masked from 'package:stats':
    
     decompose, spectrum
    
    The following object is masked from 'package:base':
    
     union
    
    Loading required package: gprege
    Loading required package: gptk
    Loading required package: Matrix
    Loading required package: fields
    Loading required package: spam
    Loading required package: dotCall64
    Loading required package: grid
    Spam version 2.6-0 (2020-12-14) is loaded.
    Type 'help( Spam)' or 'demo( spam)' for a short introduction
    and overview of this package.
    Help for individual functions is also obtained by adding the
    suffix '.spam' to the function name, e.g. 'help( chol.spam)'.
    
    Attaching package: 'spam'
    
    The following object is masked from 'package:Matrix':
    
     det
    
    The following objects are masked from 'package:base':
    
     backsolve, forwardsolve
    
    See https://github.com/NCAR/Fields for
     an extensive vignette, other supplements and source code
    Loading required package: qpdf
    Quitting from lines 97-98 (robin.Rmd)
    Error: processing vignette 'robin.Rmd' failed with diagnostics:
    invalid 'path' argument
    --- failed re-building ‘robin.Rmd’
    
    SUMMARY: processing the following file failed:
     ‘robin.Rmd’
    
    Error: Vignette re-building failed.
    Execution halted
Flavor: r-oldrel-macos-x86_64