CRAN Package Check Results for Package robustBLME

Last updated on 2022-07-04 02:53:41 CEST.

Flavor Version Tinstall Tcheck Ttotal Status Flags
r-devel-linux-x86_64-debian-clang 0.1.3 71.31 88.19 159.50 OK
r-devel-linux-x86_64-debian-gcc 0.1.3 59.65 68.05 127.70 OK
r-devel-linux-x86_64-fedora-clang 0.1.3 231.14 OK
r-devel-linux-x86_64-fedora-gcc 0.1.3 216.54 OK
r-devel-windows-x86_64 0.1.3 66.00 132.00 198.00 OK
r-patched-linux-x86_64 0.1.3 63.28 85.20 148.48 OK
r-release-linux-x86_64 0.1.3 67.18 85.35 152.53 OK
r-release-macos-arm64 0.1.3 55.00 OK
r-release-macos-x86_64 0.1.3 91.00 OK
r-release-windows-x86_64 0.1.3 70.00 136.00 206.00 OK
r-oldrel-macos-arm64 0.1.3 63.00 NOTE
r-oldrel-macos-x86_64 0.1.3 93.00 OK
r-oldrel-windows-ix86+x86_64 0.1.3 186.00 149.00 335.00 OK

Check Details

Version: 0.1.3
Check: installed package size
Result: NOTE
     installed size is 5.1Mb
     sub-directories of 1Mb or more:
     libs 4.9Mb
Flavor: r-oldrel-macos-arm64