CRAN Package Check Results for Package rollRegres

Last updated on 2022-01-27 02:51:40 CET.

Flavor Version Tinstall Tcheck Ttotal Status Flags
r-devel-linux-x86_64-debian-clang 0.1.3 41.64 70.32 111.96 NOTE
r-devel-linux-x86_64-debian-gcc 0.1.3 30.61 53.22 83.83 NOTE
r-devel-linux-x86_64-fedora-clang 0.1.3 151.12 NOTE
r-devel-linux-x86_64-fedora-gcc 0.1.3 132.91 NOTE
r-devel-windows-x86_64-new-UL 0.1.3 53.00 116.00 169.00 NOTE
r-devel-windows-x86_64-new-TK 0.1.3 NOTE
r-patched-linux-x86_64 0.1.3 34.32 66.55 100.87 NOTE
r-release-linux-x86_64 0.1.3 35.70 64.65 100.35 NOTE
r-release-macos-arm64 0.1.3 NOTE
r-release-macos-x86_64 0.1.3 NOTE
r-release-windows-ix86+x86_64 0.1.3 107.00 111.00 218.00 NOTE
r-oldrel-macos-x86_64 0.1.3 OK
r-oldrel-windows-ix86+x86_64 0.1.3 107.00 113.00 220.00 OK

Check Details

Version: 0.1.3
Check: LazyData
Result: NOTE
     'LazyData' is specified without a 'data' directory
Flavors: r-devel-linux-x86_64-debian-clang, r-devel-linux-x86_64-debian-gcc, r-devel-linux-x86_64-fedora-clang, r-devel-linux-x86_64-fedora-gcc, r-devel-windows-x86_64-new-UL, r-devel-windows-x86_64-new-TK, r-patched-linux-x86_64, r-release-linux-x86_64, r-release-macos-arm64, r-release-macos-x86_64, r-release-windows-ix86+x86_64