CRAN Package Check Results for Package rospca

Last updated on 2021-09-22 02:49:43 CEST.

Flavor Version Tinstall Tcheck Ttotal Status Flags
r-devel-linux-x86_64-debian-clang 1.0.4 9.03 76.48 85.51 OK
r-devel-linux-x86_64-debian-gcc 1.0.4 5.86 57.84 63.70 OK
r-devel-linux-x86_64-fedora-clang 1.0.4 106.99 OK
r-devel-linux-x86_64-fedora-gcc 1.0.4 97.04 OK
r-devel-windows-x86_64 1.0.4 12.00 81.00 93.00 OK
r-devel-windows-x86_64-gcc10-UCRT 1.0.4 ERROR
r-patched-linux-x86_64 1.0.4 8.32 71.04 79.36 OK
r-patched-solaris-x86 1.0.4 143.60 OK
r-release-linux-x86_64 1.0.4 8.37 71.52 79.89 OK
r-release-macos-arm64 1.0.4 OK
r-release-macos-x86_64 1.0.4 OK
r-release-windows-ix86+x86_64 1.0.4 20.00 76.00 96.00 OK
r-oldrel-macos-x86_64 1.0.4 OK
r-oldrel-windows-ix86+x86_64 1.0.4 21.00 76.00 97.00 OK

Check Details

Version: 1.0.4
Check: whether package can be installed
Result: WARN
    Found the following significant warnings:
     WARNING: installation-time patches will not be applied, could not get the patches index
Flavor: r-devel-windows-x86_64-gcc10-UCRT

Version: 1.0.4
Check: PDF version of manual
Result: WARN
    LaTeX errors when creating PDF version.
    This typically indicates Rd problems.
Flavor: r-devel-windows-x86_64-gcc10-UCRT

Version: 1.0.4
Check: PDF version of manual without hyperrefs or index
Result: ERROR
    Re-running with no redirection of stdout/stderr.
Flavor: r-devel-windows-x86_64-gcc10-UCRT