CRAN Package Check Results for Package roxygen2

Last updated on 2022-05-19 02:49:21 CEST.

Flavor Version Tinstall Tcheck Ttotal Status Flags
r-devel-linux-x86_64-debian-clang 7.2.0 28.23 112.47 140.70 OK
r-devel-linux-x86_64-debian-gcc 7.2.0 18.81 84.10 102.91 OK
r-devel-linux-x86_64-fedora-clang 7.2.0 170.57 NOTE
r-devel-linux-x86_64-fedora-gcc 7.2.0 85.42 OK
r-devel-windows-x86_64 7.2.0 132.00 167.00 299.00 OK
r-patched-linux-x86_64 7.2.0 20.86 106.39 127.25 OK
r-release-linux-x86_64 7.2.0 19.73 107.08 126.81 OK
r-release-macos-arm64 7.2.0 52.00 OK
r-release-macos-x86_64 7.2.0 70.00 OK
r-release-windows-x86_64 7.2.0 151.00 165.00 316.00 OK
r-oldrel-macos-arm64 7.2.0 55.00 OK
r-oldrel-macos-x86_64 7.2.0 74.00 OK
r-oldrel-windows-ix86+x86_64 7.2.0 55.00 196.00 251.00 OK

Check Details

Version: 7.2.0
Check: Rd cross-references
Result: NOTE
    Undeclared package ‘devtools’ in Rd xrefs
Flavor: r-devel-linux-x86_64-fedora-clang