CRAN Package Check Results for Package rpymat

Last updated on 2022-06-27 02:54:37 CEST.

Flavor Version Tinstall Tcheck Ttotal Status Flags
r-devel-linux-x86_64-debian-clang 0.1.2 3.26 27.13 30.39 OK
r-devel-linux-x86_64-debian-gcc 0.1.2 2.12 20.74 22.86 OK
r-devel-linux-x86_64-fedora-clang 0.1.2 47.50 NOTE
r-devel-linux-x86_64-fedora-gcc 0.1.2 46.98 NOTE
r-devel-windows-x86_64 0.1.2 12.00 50.00 62.00 OK
r-patched-linux-x86_64 0.1.2 2.47 26.09 28.56 OK
r-release-linux-x86_64 0.1.2 2.73 26.75 29.48 OK
r-release-macos-arm64 0.1.2 14.00 NOTE
r-release-macos-x86_64 0.1.2 21.00 NOTE
r-release-windows-x86_64 0.1.2 13.00 51.00 64.00 OK
r-oldrel-macos-arm64 0.1.2 15.00 NOTE
r-oldrel-macos-x86_64 0.1.2 22.00 NOTE
r-oldrel-windows-ix86+x86_64 0.1.2 7.00 40.00 47.00 OK

Check Details

Version: 0.1.2
Check: dependencies in R code
Result: NOTE
    Namespace in Imports field not imported from: ‘IRkernel’
     All declared Imports should be used.
Flavors: r-devel-linux-x86_64-fedora-clang, r-devel-linux-x86_64-fedora-gcc, r-release-macos-arm64, r-release-macos-x86_64, r-oldrel-macos-arm64, r-oldrel-macos-x86_64