CRAN Package Check Results for Package rstatix

Last updated on 2022-08-13 05:54:13 CEST.

Flavor Version Tinstall Tcheck Ttotal Status Flags
r-devel-linux-x86_64-debian-clang 0.7.0 13.83 161.74 175.57 NOTE
r-devel-linux-x86_64-debian-gcc 0.7.0 10.13 119.59 129.72 NOTE
r-devel-linux-x86_64-fedora-clang 0.7.0 208.72 NOTE
r-devel-linux-x86_64-fedora-gcc 0.7.0 205.40 NOTE
r-devel-windows-x86_64 0.7.0 82.00 186.00 268.00 NOTE
r-patched-linux-x86_64 0.7.0 9.67 148.24 157.91 NOTE
r-release-linux-x86_64 0.7.0 12.43 146.94 159.37 NOTE
r-release-macos-arm64 0.7.0 51.00 NOTE
r-release-macos-x86_64 0.7.0 91.00 NOTE
r-release-windows-x86_64 0.7.0 59.00 189.00 248.00 NOTE
r-oldrel-macos-arm64 0.7.0 62.00 NOTE
r-oldrel-macos-x86_64 0.7.0 73.00 NOTE
r-oldrel-windows-ix86+x86_64 0.7.0 27.00 185.00 212.00 NOTE

Check Details

Version: 0.7.0
Check: LazyData
Result: NOTE
     'LazyData' is specified without a 'data' directory
Flavors: r-devel-linux-x86_64-debian-clang, r-devel-linux-x86_64-debian-gcc, r-devel-linux-x86_64-fedora-clang, r-devel-linux-x86_64-fedora-gcc, r-devel-windows-x86_64, r-patched-linux-x86_64, r-release-linux-x86_64, r-release-macos-arm64, r-release-macos-x86_64, r-release-windows-x86_64, r-oldrel-macos-arm64, r-oldrel-macos-x86_64, r-oldrel-windows-ix86+x86_64