Last updated on 2023-05-28 02:56:01 CEST.
Flavor | Version | Tinstall | Tcheck | Ttotal | Status | Flags |
---|---|---|---|---|---|---|
r-devel-linux-x86_64-debian-clang | 2.4.0 | 3.57 | 30.93 | 34.50 | OK | |
r-devel-linux-x86_64-debian-gcc | 2.4.0 | 2.53 | 23.68 | 26.21 | OK | |
r-devel-linux-x86_64-fedora-clang | 2.4.0 | 47.21 | OK | |||
r-devel-linux-x86_64-fedora-gcc | 2.4.0 | 55.73 | OK | |||
r-devel-windows-x86_64 | 2.4.0 | 32.00 | 203.00 | 235.00 | NOTE | |
r-patched-linux-x86_64 | 2.4.0 | 3.41 | 29.73 | 33.14 | OK | |
r-release-linux-x86_64 | 2.4.0 | 3.06 | 29.93 | 32.99 | OK | |
r-release-macos-arm64 | 2.4.0 | 52.00 | NOTE | |||
r-release-macos-x86_64 | 2.4.0 | 56.00 | NOTE | |||
r-release-windows-x86_64 | 2.4.0 | 32.00 | 240.00 | 272.00 | NOTE | |
r-oldrel-macos-arm64 | 2.4.0 | 45.00 | NOTE | |||
r-oldrel-macos-x86_64 | 2.4.0 | 122.00 | NOTE | |||
r-oldrel-windows-x86_64 | 2.4.0 | 23.00 | 180.00 | 203.00 | NOTE |
Version: 2.4.0
Check: installed package size
Result: NOTE
installed size is 15.3Mb
sub-directories of 1Mb or more:
libs 14.9Mb
Flavors: r-devel-windows-x86_64, r-release-macos-arm64, r-release-macos-x86_64, r-release-windows-x86_64, r-oldrel-macos-arm64, r-oldrel-macos-x86_64, r-oldrel-windows-x86_64