CRAN Package Check Results for Package rticles

Last updated on 2021-08-02 02:50:06 CEST.

Flavor Version Tinstall Tcheck Ttotal Status Flags
r-devel-linux-x86_64-debian-clang 0.20 3.84 33.59 37.43 NOTE
r-devel-linux-x86_64-debian-gcc 0.20 2.53 26.09 28.62 NOTE
r-devel-linux-x86_64-fedora-clang 0.20 52.86 NOTE
r-devel-linux-x86_64-fedora-gcc 0.20 42.09 NOTE
r-devel-windows-x86_64 0.20 5.00 51.00 56.00 NOTE
r-devel-windows-x86_64-gcc10-UCRT 0.20 NOTE
r-patched-linux-x86_64 0.20 NOTE
r-patched-solaris-x86 0.20 63.90 NOTE
r-release-linux-x86_64 0.20 3.93 32.31 36.24 NOTE
r-release-macos-arm64 0.20 NOTE
r-release-macos-x86_64 0.20 NOTE
r-release-windows-ix86+x86_64 0.20 10.00 51.00 61.00 NOTE
r-oldrel-macos-x86_64 0.20 NOTE
r-oldrel-windows-ix86+x86_64 0.20 7.00 50.00 57.00 NOTE

Check Details

Version: 0.20
Check: for GNU extensions in Makefiles
Result: NOTE
    GNU make is a SystemRequirements.
Flavors: r-devel-linux-x86_64-debian-clang, r-devel-linux-x86_64-debian-gcc, r-devel-linux-x86_64-fedora-clang, r-devel-linux-x86_64-fedora-gcc, r-devel-windows-x86_64, r-devel-windows-x86_64-gcc10-UCRT, r-patched-linux-x86_64, r-patched-solaris-x86, r-release-linux-x86_64, r-release-macos-arm64, r-release-macos-x86_64, r-release-windows-ix86+x86_64, r-oldrel-macos-x86_64, r-oldrel-windows-ix86+x86_64

Version: 0.20
Check: installed package size
Result: NOTE
     installed size is 5.3Mb
     sub-directories of 1Mb or more:
     rmarkdown 5.1Mb
Flavors: r-devel-linux-x86_64-fedora-clang, r-patched-solaris-x86