Last updated on 2022-06-29 02:55:21 CEST.
Flavor | Version | Tinstall | Tcheck | Ttotal | Status | Flags |
---|---|---|---|---|---|---|
r-devel-linux-x86_64-debian-clang | 1.1.0 | 3.30 | 34.60 | 37.90 | NOTE | |
r-devel-linux-x86_64-debian-gcc | 1.1.0 | 2.37 | 26.72 | 29.09 | NOTE | |
r-devel-linux-x86_64-fedora-clang | 1.1.0 | 55.40 | NOTE | |||
r-devel-linux-x86_64-fedora-gcc | 1.1.0 | 56.52 | NOTE | |||
r-devel-windows-x86_64 | 1.1.0 | 139.00 | 66.00 | 205.00 | NOTE | |
r-patched-linux-x86_64 | 1.1.0 | 2.47 | 33.17 | 35.64 | NOTE | |
r-release-linux-x86_64 | 1.1.0 | 3.25 | 34.98 | 38.23 | NOTE | |
r-release-macos-arm64 | 1.1.0 | 24.00 | NOTE | |||
r-release-macos-x86_64 | 1.1.0 | 36.00 | NOTE | |||
r-release-windows-x86_64 | 1.1.0 | 270.00 | 63.00 | 333.00 | NOTE | |
r-oldrel-macos-arm64 | 1.1.0 | 21.00 | NOTE | |||
r-oldrel-macos-x86_64 | 1.1.0 | 35.00 | NOTE | |||
r-oldrel-windows-ix86+x86_64 | 1.1.0 | 8.00 | 53.00 | 61.00 | NOTE |
Version: 1.1.0
Check: LazyData
Result: NOTE
'LazyData' is specified without a 'data' directory
Flavors: r-devel-linux-x86_64-debian-clang, r-devel-linux-x86_64-debian-gcc, r-devel-linux-x86_64-fedora-clang, r-devel-linux-x86_64-fedora-gcc, r-devel-windows-x86_64, r-patched-linux-x86_64, r-release-linux-x86_64, r-release-macos-arm64, r-release-macos-x86_64, r-release-windows-x86_64, r-oldrel-macos-arm64, r-oldrel-macos-x86_64, r-oldrel-windows-ix86+x86_64
Version: 1.1.0
Check: installed package size
Result: NOTE
installed size is 5.3Mb
sub-directories of 1Mb or more:
doc 4.7Mb
Flavors: r-devel-linux-x86_64-fedora-clang, r-devel-windows-x86_64, r-release-macos-arm64, r-release-macos-x86_64, r-release-windows-x86_64, r-oldrel-macos-arm64, r-oldrel-macos-x86_64, r-oldrel-windows-ix86+x86_64