Last updated on 2022-06-29 02:55:23 CEST.
Flavor | Version | Tinstall | Tcheck | Ttotal | Status | Flags |
---|---|---|---|---|---|---|
r-devel-linux-x86_64-debian-clang | 1.0.0 | 8.22 | 67.03 | 75.25 | NOTE | |
r-devel-linux-x86_64-debian-gcc | 1.0.0 | 6.98 | 52.26 | 59.24 | NOTE | |
r-devel-linux-x86_64-fedora-clang | 1.0.0 | 101.81 | NOTE | |||
r-devel-linux-x86_64-fedora-gcc | 1.0.0 | 104.19 | NOTE | |||
r-devel-windows-x86_64 | 1.0.0 | 14.00 | 94.00 | 108.00 | NOTE | |
r-patched-linux-x86_64 | 1.0.0 | 7.61 | 67.42 | 75.03 | NOTE | |
r-release-linux-x86_64 | 1.0.0 | 8.00 | 64.60 | 72.60 | NOTE | |
r-release-macos-arm64 | 1.0.0 | 31.00 | NOTE | |||
r-release-macos-x86_64 | 1.0.0 | 42.00 | NOTE | |||
r-release-windows-x86_64 | 1.0.0 | 17.00 | 93.00 | 110.00 | NOTE | |
r-oldrel-macos-arm64 | 1.0.0 | 37.00 | NOTE | |||
r-oldrel-macos-x86_64 | 1.0.0 | 60.00 | NOTE | |||
r-oldrel-windows-ix86+x86_64 | 1.0.0 | 18.00 | 87.00 | 105.00 | NOTE |
Version: 1.0.0
Check: LazyData
Result: NOTE
'LazyData' is specified without a 'data' directory
Flavors: r-devel-linux-x86_64-debian-clang, r-devel-linux-x86_64-debian-gcc, r-devel-linux-x86_64-fedora-clang, r-devel-linux-x86_64-fedora-gcc, r-devel-windows-x86_64, r-patched-linux-x86_64, r-release-linux-x86_64, r-release-macos-arm64, r-release-macos-x86_64, r-release-windows-x86_64, r-oldrel-macos-arm64, r-oldrel-macos-x86_64, r-oldrel-windows-ix86+x86_64