CRAN Package Check Results for Package sankeywheel

Last updated on 2021-10-20 02:50:19 CEST.

Flavor Version Tinstall Tcheck Ttotal Status Flags
r-devel-linux-x86_64-debian-clang 0.1.0 2.57 26.53 29.10 OK
r-devel-linux-x86_64-debian-gcc 0.1.0 2.02 20.86 22.88 OK
r-devel-linux-x86_64-fedora-clang 0.1.0 45.61 OK
r-devel-linux-x86_64-fedora-gcc 0.1.0 34.80 OK
r-devel-windows-x86_64 0.1.0 4.00 40.00 44.00 OK
r-devel-windows-x86_64-gcc10-UCRT 0.1.0 OK
r-patched-linux-x86_64 0.1.0 2.47 25.69 28.16 OK
r-patched-solaris-x86 0.1.0 52.70 OK
r-release-linux-x86_64 0.1.0 2.42 25.84 28.26 OK
r-release-macos-arm64 0.1.0 OK
r-release-macos-x86_64 0.1.0 WARN
r-release-windows-ix86+x86_64 0.1.0 4.00 47.00 51.00 OK
r-oldrel-macos-x86_64 0.1.0 WARN
r-oldrel-windows-ix86+x86_64 0.1.0 6.00 46.00 52.00 OK

Check Details

Version: 0.1.0
Check: re-building of vignette outputs
Result: WARN
    Error(s) in re-building vignettes:
     ...
    --- re-building ‘sankeywheel.Rmd’ using rmarkdown
    Warning in engine$weave(file, quiet = quiet, encoding = enc) :
     Pandoc (>= 1.12.3) not available. Falling back to R Markdown v1.
    Quitting from lines 43-44 (sankeywheel.Rmd)
    Error: processing vignette 'sankeywheel.Rmd' failed with diagnostics:
    invalid 'path' argument
    --- failed re-building ‘sankeywheel.Rmd’
    
    SUMMARY: processing the following file failed:
     ‘sankeywheel.Rmd’
    
    Error: Vignette re-building failed.
    Execution halted
Flavor: r-release-macos-x86_64

Version: 0.1.0
Check: re-building of vignette outputs
Result: WARN
    Error(s) in re-building vignettes:
     ...
    --- re-building ‘sankeywheel.Rmd’ using rmarkdown
    Warning in engine$weave(file, quiet = quiet, encoding = enc) :
     Pandoc (>= 1.12.3) and/or pandoc-citeproc not available. Falling back to R Markdown v1.
    Quitting from lines 43-44 (sankeywheel.Rmd)
    Error: processing vignette 'sankeywheel.Rmd' failed with diagnostics:
    cannot open the connection
    --- failed re-building ‘sankeywheel.Rmd’
    
    SUMMARY: processing the following file failed:
     ‘sankeywheel.Rmd’
    
    Error: Vignette re-building failed.
    Execution halted
Flavor: r-oldrel-macos-x86_64