CRAN Package Check Results for Package saws

Last updated on 2021-09-22 02:49:45 CEST.

Flavor Version Tinstall Tcheck Ttotal Status Flags
r-devel-linux-x86_64-debian-clang 0.9-6.2 2.74 29.58 32.32 OK
r-devel-linux-x86_64-debian-gcc 0.9-6.2 2.10 23.03 25.13 OK
r-devel-linux-x86_64-fedora-clang 0.9-6.2 48.21 OK
r-devel-linux-x86_64-fedora-gcc 0.9-6.2 37.98 OK
r-devel-windows-x86_64 0.9-6.2 4.00 32.00 36.00 OK
r-devel-windows-x86_64-gcc10-UCRT 0.9-6.2 ERROR
r-patched-linux-x86_64 0.9-6.2 2.59 28.61 31.20 OK
r-patched-solaris-x86 0.9-6.2 55.30 OK
r-release-linux-x86_64 0.9-6.2 2.43 29.05 31.48 OK
r-release-macos-arm64 0.9-6.2 OK
r-release-macos-x86_64 0.9-6.2 OK
r-release-windows-ix86+x86_64 0.9-6.2 7.00 34.00 41.00 OK
r-oldrel-macos-x86_64 0.9-6.2 OK
r-oldrel-windows-ix86+x86_64 0.9-6.2 6.00 33.00 39.00 OK

Check Details

Version: 0.9-6.2
Check: whether package can be installed
Result: WARN
    Found the following significant warnings:
     WARNING: installation-time patches will not be applied, could not get the patches index
Flavor: r-devel-windows-x86_64-gcc10-UCRT

Version: 0.9-6.2
Check: PDF version of manual
Result: WARN
    LaTeX errors when creating PDF version.
    This typically indicates Rd problems.
Flavor: r-devel-windows-x86_64-gcc10-UCRT

Version: 0.9-6.2
Check: PDF version of manual without hyperrefs or index
Result: ERROR
    Re-running with no redirection of stdout/stderr.
Flavor: r-devel-windows-x86_64-gcc10-UCRT