CRAN Package Check Results for Package scPOP

Last updated on 2022-08-14 02:51:55 CEST.

Flavor Version Tinstall Tcheck Ttotal Status Flags
r-devel-linux-x86_64-debian-clang 0.1.0 37.39 75.17 112.56 WARN
r-devel-linux-x86_64-debian-gcc 0.1.0 29.39 57.69 87.08 OK
r-devel-linux-x86_64-fedora-clang 0.1.0 157.39 WARN
r-devel-linux-x86_64-fedora-gcc 0.1.0 155.07 OK
r-devel-windows-x86_64 0.1.0 39.00 115.00 154.00 OK
r-patched-linux-x86_64 0.1.0 32.73 74.04 106.77 OK
r-release-linux-x86_64 0.1.0 32.15 74.41 106.56 OK
r-release-macos-arm64 0.1.0 41.00 OK
r-release-macos-x86_64 0.1.0 58.00 OK
r-release-windows-x86_64 0.1.0 36.00 121.00 157.00 OK
r-oldrel-macos-arm64 0.1.0 44.00 OK
r-oldrel-macos-x86_64 0.1.0 58.00 OK
r-oldrel-windows-ix86+x86_64 0.1.0 92.00 147.00 239.00 OK

Additional issues

clang14

Check Details

Version: 0.1.0
Check: whether package can be installed
Result: WARN
    Found the following significant warnings:
     metrics.cpp:105:13: warning: use of bitwise '|' with boolean operands [-Wbitwise-instead-of-logical]
     metrics.cpp:124:13: warning: use of bitwise '&' with boolean operands [-Wbitwise-instead-of-logical]
Flavors: r-devel-linux-x86_64-debian-clang, r-devel-linux-x86_64-fedora-clang