CRAN Package Check Results for Package scRNAtools

Last updated on 2021-10-23 01:49:14 CEST.

Flavor Version Tinstall Tcheck Ttotal Status Flags
r-devel-linux-x86_64-debian-clang 1.0 15.74 161.21 176.95 NOTE
r-devel-linux-x86_64-debian-gcc 1.0 15.52 120.81 136.33 NOTE
r-devel-linux-x86_64-fedora-clang 1.0 224.82 NOTE
r-devel-linux-x86_64-fedora-gcc 1.0 211.08 NOTE
r-devel-windows-x86_64 1.0 28.00 196.00 224.00 OK
r-devel-windows-x86_64-gcc10-UCRT 1.0 ERROR
r-patched-linux-x86_64 1.0 17.59 153.26 170.85 NOTE
r-patched-solaris-x86 1.0 308.10 NOTE
r-release-linux-x86_64 1.0 15.50 151.98 167.48 NOTE
r-release-macos-arm64 1.0 OK
r-release-macos-x86_64 1.0 ERROR
r-release-windows-ix86+x86_64 1.0 33.00 165.00 198.00 OK
r-oldrel-macos-x86_64 1.0 ERROR
r-oldrel-windows-ix86+x86_64 1.0 49.00 184.00 233.00 OK

Check Details

Version: 1.0
Check: for non-standard things in the check directory
Result: NOTE
    Found the following files/directories:
     'untitled_consensus_cluster'
Flavors: r-devel-linux-x86_64-debian-clang, r-devel-linux-x86_64-debian-gcc, r-devel-linux-x86_64-fedora-clang, r-devel-linux-x86_64-fedora-gcc, r-patched-linux-x86_64, r-patched-solaris-x86, r-release-linux-x86_64

Version: 1.0
Check: package dependencies
Result: ERROR
    Packages required but not available: 'TPEA', 'igraph'
    
    See section 'The DESCRIPTION file' in the 'Writing R Extensions'
    manual.
Flavor: r-devel-windows-x86_64-gcc10-UCRT

Version: 1.0
Check: package dependencies
Result: ERROR
    Packages required but not available: 'ALL', 'ConsensusClusterPlus'
    
    See section ‘The DESCRIPTION file’ in the ‘Writing R Extensions’
    manual.
Flavors: r-release-macos-x86_64, r-oldrel-macos-x86_64