Last updated on 2023-06-07 02:59:26 CEST.
Flavor | Version | Tinstall | Tcheck | Ttotal | Status | Flags |
---|---|---|---|---|---|---|
r-devel-linux-x86_64-debian-clang | 1.0.3 | 13.43 | 88.04 | 101.47 | NOTE | |
r-devel-linux-x86_64-debian-gcc | 1.0.3 | 9.61 | 66.88 | 76.49 | NOTE | |
r-devel-linux-x86_64-fedora-clang | 1.0.3 | 125.29 | NOTE | |||
r-devel-linux-x86_64-fedora-gcc | 1.0.3 | 120.51 | NOTE | |||
r-devel-windows-x86_64 | 1.0.3 | 15.00 | 90.00 | 105.00 | NOTE | |
r-patched-linux-x86_64 | 1.0.3 | 14.11 | 83.86 | 97.97 | NOTE | |
r-release-linux-x86_64 | 1.0.3 | 12.71 | 84.70 | 97.41 | NOTE | |
r-release-macos-arm64 | 1.0.3 | 39.00 | NOTE | |||
r-release-macos-x86_64 | 1.0.3 | 58.00 | NOTE | |||
r-release-windows-x86_64 | 1.0.3 | 18.00 | 103.00 | 121.00 | NOTE | |
r-oldrel-macos-arm64 | 1.0.3 | 36.00 | NOTE | |||
r-oldrel-macos-x86_64 | 1.0.3 | 49.00 | NOTE | |||
r-oldrel-windows-x86_64 | 1.0.3 | 17.00 | 100.00 | 117.00 | NOTE |
Version: 1.0.3
Check: LazyData
Result: NOTE
'LazyData' is specified without a 'data' directory
Flavors: r-devel-linux-x86_64-debian-clang, r-devel-linux-x86_64-debian-gcc, r-devel-linux-x86_64-fedora-clang, r-devel-linux-x86_64-fedora-gcc, r-devel-windows-x86_64, r-patched-linux-x86_64, r-release-linux-x86_64, r-release-macos-arm64, r-release-macos-x86_64, r-release-windows-x86_64, r-oldrel-macos-arm64, r-oldrel-macos-x86_64, r-oldrel-windows-x86_64