CRAN Package Check Results for Package sccore

Last updated on 2021-09-23 02:49:24 CEST.

Flavor Version Tinstall Tcheck Ttotal Status Flags
r-devel-linux-x86_64-debian-clang 0.1.3 65.90 76.56 142.46 OK
r-devel-linux-x86_64-debian-gcc 0.1.3 45.53 56.87 102.40 OK
r-devel-windows-x86_64 0.1.3 62.00 90.00 152.00 OK
r-devel-windows-x86_64-gcc10-UCRT 0.1.3 ERROR
r-patched-linux-x86_64 0.1.3 41.67 70.37 112.04 OK
r-release-linux-x86_64 0.1.3 45.78 71.09 116.87 OK
r-release-macos-arm64 0.1.3 NOTE
r-release-macos-x86_64 0.1.3 NOTE
r-release-windows-ix86+x86_64 0.1.3 161.00 110.00 271.00 OK
r-oldrel-macos-x86_64 0.1.3 NOTE
r-oldrel-windows-ix86+x86_64 0.1.3 119.00 109.00 228.00 OK

Check Details

Version: 0.1.3
Check: package dependencies
Result: ERROR
    Package required but not available: 'igraph'
    
    Package suggested but not available for checking: 'ggrastr'
    
    See section 'The DESCRIPTION file' in the 'Writing R Extensions'
    manual.
Flavor: r-devel-windows-x86_64-gcc10-UCRT

Version: 0.1.3
Check: installed package size
Result: NOTE
     installed size is 6.1Mb
     sub-directories of 1Mb or more:
     libs 5.3Mb
Flavors: r-release-macos-arm64, r-release-macos-x86_64, r-oldrel-macos-x86_64