Last updated on 2023-03-23 02:49:56 CET.
Flavor | Version | Tinstall | Tcheck | Ttotal | Status | Flags |
---|---|---|---|---|---|---|
r-devel-linux-x86_64-debian-clang | 0.4.0 | 6.07 | 76.94 | 83.01 | OK | |
r-devel-linux-x86_64-debian-gcc | 0.4.0 | 4.49 | 57.69 | 62.18 | OK | |
r-devel-linux-x86_64-fedora-clang | 0.4.0 | 103.83 | OK | |||
r-devel-linux-x86_64-fedora-gcc | 0.4.0 | 115.13 | OK | |||
r-patched-linux-x86_64 | 0.4.0 | 3.72 | 72.09 | 75.81 | OK | |
r-release-linux-x86_64 | 0.4.0 | 3.53 | 73.96 | 77.49 | OK | |
r-release-macos-arm64 | 0.4.0 | 38.00 | OK | |||
r-release-macos-x86_64 | 0.4.0 | 52.00 | OK | |||
r-release-windows-x86_64 | 0.4.0 | 27.00 | 120.00 | 147.00 | OK | |
r-oldrel-macos-arm64 | 0.4.0 | 41.00 | OK | |||
r-oldrel-macos-x86_64 | 0.4.0 | 53.00 | OK | |||
r-oldrel-windows-ix86+x86_64 | 0.4.0 | 14.00 | 113.00 | 127.00 | NOTE |
Version: 0.4.0
Check: dependencies in R code
Result: NOTE
Initiating curl with CURL_SSL_BACKEND: openssl
Flavor: r-oldrel-windows-ix86+x86_64