CRAN Package Check Results for Package scorecardModelUtils

Last updated on 2021-07-24 02:48:45 CEST.

Flavor Version Tinstall Tcheck Ttotal Status Flags
r-devel-linux-x86_64-debian-clang 0.0.1.0 13.73 114.64 128.37 NOTE
r-devel-linux-x86_64-debian-gcc 0.0.1.0 10.38 83.90 94.28 NOTE
r-devel-linux-x86_64-fedora-clang 0.0.1.0 157.37 NOTE
r-devel-linux-x86_64-fedora-gcc 0.0.1.0 156.25 NOTE
r-devel-windows-x86_64 0.0.1.0 16.00 102.00 118.00 NOTE
r-devel-windows-x86_64-gcc10-UCRT 0.0.1.0 NOTE
r-patched-linux-x86_64 0.0.1.0 11.79 106.32 118.11 NOTE
r-patched-solaris-x86 0.0.1.0 216.30 NOTE
r-release-linux-x86_64 0.0.1.0 13.66 107.91 121.57 NOTE
r-release-macos-arm64 0.0.1.0 NOTE
r-release-macos-x86_64 0.0.1.0 NOTE
r-release-windows-ix86+x86_64 0.0.1.0 33.00 104.00 137.00 NOTE
r-oldrel-macos-x86_64 0.0.1.0 OK
r-oldrel-windows-ix86+x86_64 0.0.1.0 35.00 129.00 164.00 OK

Check Details

Version: 0.0.1.0
Check: LazyData
Result: NOTE
     'LazyData' is specified without a 'data' directory
Flavors: r-devel-linux-x86_64-debian-clang, r-devel-linux-x86_64-debian-gcc, r-devel-linux-x86_64-fedora-clang, r-devel-linux-x86_64-fedora-gcc, r-devel-windows-x86_64, r-devel-windows-x86_64-gcc10-UCRT, r-patched-linux-x86_64, r-patched-solaris-x86, r-release-linux-x86_64, r-release-macos-arm64, r-release-macos-x86_64, r-release-windows-ix86+x86_64