Last updated on 2023-03-31 03:52:42 CEST.
Flavor | Version | Tinstall | Tcheck | Ttotal | Status | Flags |
---|---|---|---|---|---|---|
r-devel-linux-x86_64-debian-clang | 1.1.4 | 11.24 | 376.90 | 388.14 | OK | |
r-devel-linux-x86_64-debian-gcc | 1.1.4 | 7.14 | 285.60 | 292.74 | OK | |
r-devel-linux-x86_64-fedora-clang | 1.1.4 | 472.18 | NOTE | |||
r-devel-linux-x86_64-fedora-gcc | 1.1.4 | 467.39 | OK | |||
r-patched-linux-x86_64 | 1.1.4 | 11.58 | 373.91 | 385.49 | OK | |
r-release-linux-x86_64 | 1.1.4 | 11.19 | 394.05 | 405.24 | OK | |
r-release-macos-arm64 | 1.1.4 | 167.00 | OK | |||
r-release-macos-x86_64 | 1.1.4 | 204.00 | OK | |||
r-release-windows-x86_64 | 1.1.4 | 29.00 | 531.00 | 560.00 | OK | |
r-oldrel-macos-arm64 | 1.1.4 | 166.00 | OK | |||
r-oldrel-macos-x86_64 | 1.1.4 | 220.00 | OK | |||
r-oldrel-windows-ix86+x86_64 | 1.1.4 | 19.00 | 451.00 | 470.00 | OK |
Version: 1.1.4
Check: Rd cross-references
Result: NOTE
Undeclared package ‘tibble’ in Rd xrefs
Flavor: r-devel-linux-x86_64-fedora-clang